Last updated on 2025-02-23 19:51:04 CET.
Flavor | Version | Tinstall | Tcheck | Ttotal | Status | Flags |
---|---|---|---|---|---|---|
r-devel-linux-x86_64-debian-clang | 1.0 | 14.89 | 57.47 | 72.36 | NOTE | |
r-devel-linux-x86_64-debian-gcc | 1.0 | 9.47 | 40.39 | 49.86 | NOTE | |
r-devel-linux-x86_64-fedora-clang | 1.0 | 116.76 | NOTE | |||
r-devel-linux-x86_64-fedora-gcc | 1.0 | 108.38 | NOTE | |||
r-devel-macos-arm64 | 1.0 | 35.00 | NOTE | |||
r-devel-macos-x86_64 | 1.0 | 61.00 | NOTE | |||
r-devel-windows-x86_64 | 1.0 | 15.00 | 87.00 | 102.00 | NOTE | |
r-patched-linux-x86_64 | 1.0 | 15.71 | 52.81 | 68.52 | NOTE | |
r-release-linux-x86_64 | 1.0 | 13.60 | 53.17 | 66.77 | NOTE | |
r-release-macos-arm64 | 1.0 | 33.00 | NOTE | |||
r-release-macos-x86_64 | 1.0 | 48.00 | NOTE | |||
r-release-windows-x86_64 | 1.0 | 15.00 | 74.00 | 89.00 | NOTE | |
r-oldrel-macos-arm64 | 1.0 | 31.00 | OK | |||
r-oldrel-macos-x86_64 | 1.0 | 93.00 | OK | |||
r-oldrel-windows-x86_64 | 1.0 | 19.00 | 86.00 | 105.00 | OK |
Version: 1.0
Check: Rd files
Result: NOTE
checkRd: (-1) fmCov.Rd:37: Lost braces; missing escapes or markup?
37 | where, \code{alpha(i)} is the intercept, \code{f(t)} is a {K x 1} vector of
| ^
checkRd: (-1) plot.ffm.Rd:82: Lost braces; missing escapes or markup?
82 | \item{las}{one of {0, 1, 2, 3} to set the direction of axis labels, same as
| ^
checkRd: (-1) summary.ffm.Rd:39: Lost braces; missing escapes or markup?
39 | Returned object is of class {summary.ffm}.
| ^
Flavors: r-devel-linux-x86_64-debian-clang, r-devel-linux-x86_64-debian-gcc, r-devel-linux-x86_64-fedora-clang, r-devel-linux-x86_64-fedora-gcc, r-devel-macos-arm64, r-devel-macos-x86_64, r-devel-windows-x86_64, r-patched-linux-x86_64, r-release-linux-x86_64, r-release-macos-arm64, r-release-macos-x86_64, r-release-windows-x86_64
These binaries (installable software) and packages are in development.
They may not be fully stable and should be used with caution. We make no claims about them.
Health stats visible at Monitor.