Last updated on 2025-05-15 11:50:00 CEST.
Flavor | Version | Tinstall | Tcheck | Ttotal | Status | Flags |
---|---|---|---|---|---|---|
r-devel-linux-x86_64-debian-clang | 1.0.4 | 2.27 | 29.36 | 31.63 | NOTE | |
r-devel-linux-x86_64-debian-gcc | 1.0.4 | 1.95 | 23.58 | 25.53 | NOTE | |
r-devel-linux-x86_64-fedora-clang | 1.0.4 | 48.78 | OK | |||
r-devel-linux-x86_64-fedora-gcc | 1.0.4 | 60.82 | OK | |||
r-devel-windows-x86_64 | 1.0.4 | 4.00 | 52.00 | 56.00 | OK | |
r-patched-linux-x86_64 | 1.0.4 | 2.73 | 27.28 | 30.01 | OK | |
r-release-linux-x86_64 | 1.0.4 | 2.23 | 27.01 | 29.24 | OK | |
r-release-macos-arm64 | 1.0.4 | 40.00 | OK | |||
r-release-macos-x86_64 | 1.0.4 | 61.00 | OK | |||
r-release-windows-x86_64 | 1.0.4 | 4.00 | 52.00 | 56.00 | OK | |
r-oldrel-macos-arm64 | 1.0.4 | 26.00 | OK | |||
r-oldrel-macos-x86_64 | 1.0.4 | 36.00 | OK | |||
r-oldrel-windows-x86_64 | 1.0.4 | 4.00 | 57.00 | 61.00 | OK |
Version: 1.0.4
Check: CRAN incoming feasibility
Result: NOTE
Maintainer: ‘Elizabeth Bersson <elizabeth.bersson@duke.edu>’
The Description field contains
<arXiv:2204.08122> "Optimal Conformal Prediction for Small Areas".
Please refer to arXiv e-prints via their arXiv DOI <doi:10.48550/arXiv.YYMM.NNNNN>.
Flavors: r-devel-linux-x86_64-debian-clang, r-devel-linux-x86_64-debian-gcc
These binaries (installable software) and packages are in development.
They may not be fully stable and should be used with caution. We make no claims about them.
Health stats visible at Monitor.