CRAN Package Check Results for Package fCopulae

Last updated on 2025-05-17 15:50:42 CEST.

Flavor Version Tinstall Tcheck Ttotal Status Flags
r-devel-linux-x86_64-debian-clang 4022.85 15.67 177.34 193.01 NOTE
r-devel-linux-x86_64-debian-gcc 4022.85 10.35 112.09 122.44 NOTE
r-devel-linux-x86_64-fedora-clang 4022.85 319.41 OK
r-devel-linux-x86_64-fedora-gcc 4022.85 314.41 OK
r-devel-windows-x86_64 4022.85 18.00 186.00 204.00 OK
r-patched-linux-x86_64 4022.85 17.09 167.46 184.55 OK
r-release-linux-x86_64 4022.85 16.72 168.29 185.01 OK
r-release-macos-arm64 4022.85 89.00 OK
r-release-macos-x86_64 4022.85 215.00 OK
r-release-windows-x86_64 4022.85 17.00 192.00 209.00 OK
r-oldrel-macos-arm64 4022.85 73.00 OK
r-oldrel-macos-x86_64 4022.85 144.00 OK
r-oldrel-windows-x86_64 4022.85 23.00 234.00 257.00 OK

Check Details

Version: 4022.85
Check: CRAN incoming feasibility
Result: NOTE Maintainer: ‘Paul Smith <paul@waternumbers.co.uk>’ No Authors@R field in DESCRIPTION. Please add one, modifying Authors@R: c(person(given = "Diethelm", family = "Wuertz", role = "aut"), person(given = "Tobias", family = "Setz", role = "aut"), person(given = "Yohan", family = "Chalabi", role = "ctb"), person(given = "Paul", family = "Smith", role = "cre", email = "paul@waternumbers.co.uk")) as necessary. Flavors: r-devel-linux-x86_64-debian-clang, r-devel-linux-x86_64-debian-gcc

These binaries (installable software) and packages are in development.
They may not be fully stable and should be used with caution. We make no claims about them.
Health stats visible at Monitor.