CRAN Package Check Results for Package extraDistr

Last updated on 2025-05-03 22:49:52 CEST.

Flavor Version Tinstall Tcheck Ttotal Status Flags
r-devel-linux-x86_64-debian-clang 1.10.0 234.16 76.47 310.63 NOTE
r-devel-linux-x86_64-debian-gcc 1.10.0 187.06 52.69 239.75 NOTE
r-devel-linux-x86_64-fedora-clang 1.10.0 643.46 OK
r-devel-linux-x86_64-fedora-gcc 1.10.0 729.37 OK
r-devel-windows-x86_64 1.10.0 278.00 129.00 407.00 OK
r-patched-linux-x86_64 1.10.0 248.62 74.70 323.32 OK
r-release-linux-x86_64 OK
r-release-macos-arm64 1.10.0 127.00 OK
r-release-macos-x86_64 1.10.0 147.00 OK
r-release-windows-x86_64 1.10.0 297.00 130.00 427.00 OK
r-oldrel-macos-arm64 1.10.0 130.00 NOTE
r-oldrel-macos-x86_64 1.10.0 133.00 NOTE
r-oldrel-windows-x86_64 1.10.0 293.00 164.00 457.00 OK

Check Details

Version: 1.10.0
Check: CRAN incoming feasibility
Result: NOTE Maintainer: ‘Tymoteusz Wolodzko <twolodzko+extraDistr@gmail.com>’ No Authors@R field in DESCRIPTION. Please add one, modifying Authors@R: person(given = "Tymoteusz", family = "Wolodzko", role = c("aut", "cre"), email = "twolodzko+extradistr@gmail.com") as necessary. Flavors: r-devel-linux-x86_64-debian-clang, r-devel-linux-x86_64-debian-gcc

Version: 1.10.0
Check: installed package size
Result: NOTE installed size is 13.6Mb sub-directories of 1Mb or more: libs 13.0Mb Flavors: r-oldrel-macos-arm64, r-oldrel-macos-x86_64

These binaries (installable software) and packages are in development.
They may not be fully stable and should be used with caution. We make no claims about them.
Health stats visible at Monitor.