Last updated on 2025-02-23 19:51:04 CET.
Flavor | Version | Tinstall | Tcheck | Ttotal | Status | Flags |
---|---|---|---|---|---|---|
r-devel-linux-x86_64-debian-clang | 0.3.10 | 9.32 | 72.33 | 81.65 | OK | |
r-devel-linux-x86_64-debian-gcc | 0.3.10 | 5.59 | 53.66 | 59.25 | OK | |
r-devel-linux-x86_64-fedora-clang | 0.3.10 | 133.32 | OK | |||
r-devel-linux-x86_64-fedora-gcc | 0.3.10 | 135.91 | OK | |||
r-devel-macos-arm64 | 0.3.10 | 50.00 | NOTE | |||
r-devel-macos-x86_64 | 0.3.10 | 80.00 | NOTE | |||
r-devel-windows-x86_64 | 0.3.10 | 11.00 | 84.00 | 95.00 | OK | |
r-patched-linux-x86_64 | 0.3.10 | 8.32 | 68.07 | 76.39 | OK | |
r-release-linux-x86_64 | 0.3.10 | 9.23 | 67.68 | 76.91 | OK | |
r-release-macos-arm64 | 0.3.10 | 45.00 | OK | |||
r-release-macos-x86_64 | 0.3.10 | 66.00 | OK | |||
r-release-windows-x86_64 | 0.3.10 | 12.00 | 84.00 | 96.00 | OK | |
r-oldrel-macos-arm64 | 0.3.10 | 42.00 | OK | |||
r-oldrel-macos-x86_64 | 0.3.10 | 86.00 | OK | |||
r-oldrel-windows-x86_64 | 0.3.10 | 15.00 | 99.00 | 114.00 | OK |
Version: 0.3.10
Check: Rd cross-references
Result: NOTE
Unknown package ‘quanteda.textmodels’ in Rd xrefs
Flavor: r-devel-macos-arm64
Version: 0.3.10
Check: Rd cross-references
Result: NOTE
Packages unavailable to check Rd xrefs: ‘FactoMineR’, ‘GDAtools’
Unknown package ‘quanteda.textmodels’ in Rd xrefs
Flavor: r-devel-macos-x86_64
These binaries (installable software) and packages are in development.
They may not be fully stable and should be used with caution. We make no claims about them.
Health stats visible at Monitor.