Last updated on 2025-02-23 19:51:04 CET.
Flavor | Version | Tinstall | Tcheck | Ttotal | Status | Flags |
---|---|---|---|---|---|---|
r-devel-linux-x86_64-debian-gcc | 1.4.0 | 33.51 | 105.00 | 138.51 | OK | |
r-devel-linux-x86_64-fedora-clang | 1.4.0 | 396.96 | OK | |||
r-devel-linux-x86_64-fedora-gcc | 1.4.0 | 386.16 | OK | |||
r-devel-macos-x86_64 | 1.4.0 | 125.00 | OK | |||
r-patched-linux-x86_64 | 1.4.0 | 56.13 | 144.23 | 200.36 | OK | |
r-release-linux-x86_64 | 1.4.0 | 45.24 | 141.59 | 186.83 | OK | |
r-release-macos-arm64 | 1.3.0 | 344.00 | NOTE | |||
r-release-macos-x86_64 | 1.4.0 | 124.00 | NOTE | |||
r-oldrel-macos-arm64 | 1.3.0 | 377.00 | NOTE | |||
r-oldrel-macos-x86_64 | 1.4.0 | 189.00 | NOTE | |||
r-oldrel-windows-x86_64 | 1.4.0 | 66.00 | 194.00 | 260.00 | NOTE |
Version: 1.3.0
Check: installed package size
Result: NOTE
installed size is 106.5Mb
sub-directories of 1Mb or more:
doc 1.7Mb
libs 103.2Mb
Flavors: r-release-macos-arm64, r-oldrel-macos-arm64
Version: 1.3.0
Check: for GNU extensions in Makefiles
Result: NOTE
GNU make is a SystemRequirements.
Flavors: r-release-macos-arm64, r-oldrel-macos-arm64
Version: 1.4.0
Check: installed package size
Result: NOTE
installed size is 9.2Mb
sub-directories of 1Mb or more:
Report 1.3Mb
app 2.7Mb
doc 1.2Mb
libs 1.9Mb
Flavors: r-release-macos-x86_64, r-oldrel-macos-x86_64, r-oldrel-windows-x86_64
These binaries (installable software) and packages are in development.
They may not be fully stable and should be used with caution. We make no claims about them.
Health stats visible at Monitor.