Last updated on 2025-05-03 22:49:52 CEST.
Flavor | Version | Tinstall | Tcheck | Ttotal | Status | Flags |
---|---|---|---|---|---|---|
r-devel-linux-x86_64-debian-clang | 1.3.5 | 45.93 | 28.15 | 74.08 | NOTE | |
r-devel-linux-x86_64-debian-gcc | 1.3.5 | 29.93 | 22.60 | 52.53 | NOTE | |
r-devel-linux-x86_64-fedora-clang | 1.3.5 | 150.23 | NOTE | |||
r-devel-linux-x86_64-fedora-gcc | 1.3.5 | 131.18 | NOTE | |||
r-devel-windows-x86_64 | 1.3.5 | 56.00 | 76.00 | 132.00 | NOTE | |
r-patched-linux-x86_64 | 1.3.5 | 39.10 | 26.88 | 65.98 | NOTE | |
r-release-linux-x86_64 | NOTE | |||||
r-release-macos-arm64 | 1.3.5 | 38.00 | NOTE | |||
r-release-macos-x86_64 | 1.3.5 | 43.00 | NOTE | |||
r-release-windows-x86_64 | 1.3.5 | 56.00 | 68.00 | 124.00 | NOTE | |
r-oldrel-macos-arm64 | 1.3.5 | 37.00 | NOTE | |||
r-oldrel-macos-x86_64 | 1.3.5 | 47.00 | NOTE | |||
r-oldrel-windows-x86_64 | 1.3.5 | 64.00 | 82.00 | 146.00 | NOTE |
Version: 1.3.5
Check: CRAN incoming feasibility
Result: NOTE
Maintainer: ‘Riccardo Rastelli <riccardoras@gmail.com>’
The Description field contains
<arXiv:1901.09828>.
Please refer to arXiv e-prints via their arXiv DOI <doi:10.48550/arXiv.YYMM.NNNNN>.
Flavors: r-devel-linux-x86_64-debian-clang, r-devel-linux-x86_64-debian-gcc
Version: 1.3.5
Check: C++ specification
Result: NOTE
Specified C++11: please drop specification unless essential
Flavors: r-devel-linux-x86_64-debian-clang, r-devel-linux-x86_64-debian-gcc, r-devel-linux-x86_64-fedora-clang, r-devel-linux-x86_64-fedora-gcc, r-devel-windows-x86_64, r-patched-linux-x86_64, r-release-linux-x86_64, r-release-macos-arm64, r-release-macos-x86_64, r-release-windows-x86_64, r-oldrel-macos-arm64, r-oldrel-macos-x86_64, r-oldrel-windows-x86_64
These binaries (installable software) and packages are in development.
They may not be fully stable and should be used with caution. We make no claims about them.
Health stats visible at Monitor.