Last updated on 2025-02-02 07:50:10 CET.
Flavor | Version | Tinstall | Tcheck | Ttotal | Status | Flags |
---|---|---|---|---|---|---|
r-devel-linux-x86_64-debian-clang | 1.0.10 | 16.97 | 0.02 | 16.99 | FAIL | |
r-devel-linux-x86_64-debian-gcc | 1.0.10 | 12.63 | 82.33 | 94.96 | OK | |
r-devel-linux-x86_64-fedora-clang | 1.0.10 | 230.52 | OK | |||
r-devel-linux-x86_64-fedora-gcc | 1.0.10 | 225.86 | OK | |||
r-devel-windows-x86_64 | 1.0.10 | 21.00 | 163.00 | 184.00 | OK | |
r-patched-linux-x86_64 | 1.0.10 | 17.43 | 109.33 | 126.76 | OK | |
r-release-linux-x86_64 | 1.0.10 | 15.02 | 110.60 | 125.62 | OK | |
r-release-macos-arm64 | 1.0.10 | 77.00 | OK | |||
r-release-macos-x86_64 | 1.0.10 | 195.00 | OK | |||
r-release-windows-x86_64 | 1.0.10 | 21.00 | 162.00 | 183.00 | OK | |
r-oldrel-macos-arm64 | 1.0.10 | 90.00 | OK | |||
r-oldrel-macos-x86_64 | 1.0.10 | 142.00 | OK | |||
r-oldrel-windows-x86_64 | 1.0.10 | 25.00 | 189.00 | 214.00 | OK |
Version: 1.0.10
Check: re-building of vignette outputs
Result: FAIL
Flavor: r-devel-linux-x86_64-debian-clang
These binaries (installable software) and packages are in development.
They may not be fully stable and should be used with caution. We make no claims about them.
Health stats visible at Monitor.