Last updated on 2025-02-02 07:50:10 CET.
Flavor | Version | Tinstall | Tcheck | Ttotal | Status | Flags |
---|---|---|---|---|---|---|
r-devel-linux-x86_64-debian-clang | 2.0.0 | 9.37 | 85.92 | 95.29 | NOTE | |
r-devel-linux-x86_64-debian-gcc | 2.0.0 | 6.34 | 64.66 | 71.00 | NOTE | |
r-devel-linux-x86_64-fedora-clang | 2.0.0 | 157.53 | OK | |||
r-devel-linux-x86_64-fedora-gcc | 2.0.0 | 158.31 | OK | |||
r-devel-windows-x86_64 | 2.0.0 | 11.00 | 96.00 | 107.00 | NOTE | |
r-patched-linux-x86_64 | 2.0.0 | 12.97 | 81.63 | 94.60 | OK | |
r-release-linux-x86_64 | 2.0.0 | 8.46 | 80.96 | 89.42 | OK | |
r-release-macos-arm64 | 2.0.0 | 46.00 | OK | |||
r-release-macos-x86_64 | 2.0.0 | 73.00 | OK | |||
r-release-windows-x86_64 | 2.0.0 | 11.00 | 96.00 | 107.00 | OK | |
r-oldrel-macos-arm64 | 2.0.0 | 58.00 | OK | |||
r-oldrel-macos-x86_64 | 2.0.0 | 80.00 | OK | |||
r-oldrel-windows-x86_64 | 2.0.0 | 11.00 | 116.00 | 127.00 | OK |
Version: 2.0.0
Check: Rd cross-references
Result: NOTE
Found the following Rd file(s) with Rd \link{} targets missing package
anchors:
Almer.Rd: lme4, lmer, merMod
Almer_SE.Rd: lmer, merMod
Almer_sim.Rd: simulate.merMod
rate_gls.Rd: phylo
simulate_rate.Rd: phylo
Please provide package anchors for all Rd \link{} targets not in the
package itself and the base packages.
Flavors: r-devel-linux-x86_64-debian-clang, r-devel-linux-x86_64-debian-gcc, r-devel-windows-x86_64
These binaries (installable software) and packages are in development.
They may not be fully stable and should be used with caution. We make no claims about them.
Health stats visible at Monitor.