CRAN Package Check Results for Package evobiR

Last updated on 2025-05-17 15:50:42 CEST.

Flavor Version Tinstall Tcheck Ttotal Status Flags
r-devel-linux-x86_64-debian-clang 1.1 11.21 83.05 94.26 NOTE
r-devel-linux-x86_64-debian-gcc 1.1 7.87 60.63 68.50 NOTE
r-devel-linux-x86_64-fedora-clang 1.1 149.23 NOTE
r-devel-linux-x86_64-fedora-gcc 1.1 140.92 NOTE
r-devel-windows-x86_64 1.1 14.00 93.00 107.00 OK
r-patched-linux-x86_64 1.1 10.80 79.83 90.63 NOTE
r-release-linux-x86_64 1.1 10.53 79.42 89.95 NOTE
r-release-macos-arm64 1.1 54.00 OK
r-release-macos-x86_64 1.1 91.00 OK
r-release-windows-x86_64 1.1 13.00 97.00 110.00 OK
r-oldrel-macos-arm64 1.1 43.00 OK
r-oldrel-macos-x86_64 1.1 68.00 OK
r-oldrel-windows-x86_64 1.1 16.00 121.00 137.00 OK

Check Details

Version: 1.1
Check: CRAN incoming feasibility
Result: NOTE Maintainer: ‘Heath Blackmon <coleoguy@gmail.com>’ No Authors@R field in DESCRIPTION. Please add one, modifying Authors@R: c(person(given = "Heath", family = "Blackmon", role = c("aut", "cre"), email = "coleoguy@gmail.com"), person(given = c("Richard", "H."), family = "Adams", role = "aut")) as necessary. Found the following \keyword or \concept entries which likely give several index terms: File ‘SuperMatrix.Rd’: \keyword{ SuperMatrix, concatenation, alignment } Flavors: r-devel-linux-x86_64-debian-clang, r-devel-linux-x86_64-debian-gcc

Version: 1.1
Check: for non-standard things in the check directory
Result: NOTE Found the following files/directories: ‘sample .nwk’ Flavors: r-devel-linux-x86_64-debian-clang, r-devel-linux-x86_64-debian-gcc, r-devel-linux-x86_64-fedora-clang, r-devel-linux-x86_64-fedora-gcc, r-patched-linux-x86_64, r-release-linux-x86_64

These binaries (installable software) and packages are in development.
They may not be fully stable and should be used with caution. We make no claims about them.
Health stats visible at Monitor.