Last updated on 2024-05-02 09:51:31 CEST.
Flavor | Version | Tinstall | Tcheck | Ttotal | Status | Flags |
---|---|---|---|---|---|---|
r-devel-linux-x86_64-debian-clang | 0.8.10 | 28.72 | 266.91 | 295.63 | NOTE | |
r-devel-linux-x86_64-debian-gcc | 0.8.10 | 21.97 | 193.07 | 215.04 | NOTE | |
r-devel-linux-x86_64-fedora-clang | 0.8.10 | 395.16 | NOTE | |||
r-devel-linux-x86_64-fedora-gcc | 0.8.10 | 363.45 | NOTE | |||
r-devel-windows-x86_64 | 0.8.10 | 23.00 | 192.00 | 215.00 | NOTE | |
r-patched-linux-x86_64 | 0.8.10 | 36.73 | 258.62 | 295.35 | NOTE | |
r-release-linux-x86_64 | 0.8.10 | 0.33 | 1.94 | 2.27 | ERROR | |
r-release-macos-arm64 | 0.8.10 | 89.00 | NOTE | |||
r-release-windows-x86_64 | 0.8.10 | 23.00 | 193.00 | 216.00 | NOTE | |
r-oldrel-macos-arm64 | 0.8.10 | 82.00 | NOTE | |||
r-oldrel-macos-x86_64 | 0.8.10 | 143.00 | NOTE | |||
r-oldrel-windows-x86_64 | 0.8.10 | 24.00 | 249.00 | 273.00 | NOTE |
Version: 0.8.10
Check: Rd files
Result: NOTE
checkRd: (-1) Snoring.Rd:21: Escaped LaTeX specials: \&
Flavors: r-devel-linux-x86_64-debian-clang, r-devel-linux-x86_64-debian-gcc, r-devel-linux-x86_64-fedora-clang, r-devel-linux-x86_64-fedora-gcc, r-devel-windows-x86_64, r-patched-linux-x86_64, r-release-macos-arm64, r-release-windows-x86_64, r-oldrel-macos-arm64, r-oldrel-macos-x86_64, r-oldrel-windows-x86_64
Version: 0.8.10
Check: package dependencies
Result: ERROR
Package required but not available: ‘rstanarm’
See section ‘The DESCRIPTION file’ in the ‘Writing R Extensions’
manual.
Flavor: r-release-linux-x86_64
These binaries (installable software) and packages are in development.
They may not be fully stable and should be used with caution. We make no claims about them.
Health stats visible at Monitor.