CRAN Package Check Results for Package evgam

Last updated on 2025-05-15 07:49:38 CEST.

Flavor Version Tinstall Tcheck Ttotal Status Flags
r-devel-linux-x86_64-debian-clang 1.0.0 129.92 54.49 184.41 NOTE
r-devel-linux-x86_64-debian-gcc 1.0.0 93.10 41.25 134.35 NOTE
r-devel-linux-x86_64-fedora-clang 1.0.0 376.85 NOTE
r-devel-linux-x86_64-fedora-gcc 1.0.0 362.88 NOTE
r-devel-windows-x86_64 1.0.0 151.00 97.00 248.00 NOTE
r-patched-linux-x86_64 1.0.0 132.14 51.30 183.44 NOTE
r-release-linux-x86_64 1.0.0 132.16 51.67 183.83 NOTE
r-release-macos-arm64 1.0.0 74.00 NOTE
r-release-macos-x86_64 1.0.0 88.00 NOTE
r-release-windows-x86_64 1.0.0 151.00 98.00 249.00 NOTE
r-oldrel-macos-arm64 1.0.0 77.00 NOTE
r-oldrel-macos-x86_64 1.0.0 76.00 NOTE
r-oldrel-windows-x86_64 1.0.0 181.00 115.00 296.00 NOTE

Check Details

Version: 1.0.0
Check: CRAN incoming feasibility
Result: NOTE Maintainer: ‘Ben Youngman <b.youngman@exeter.ac.uk>’ No Authors@R field in DESCRIPTION. Please add one, modifying Authors@R: person(given = "Ben", family = "Youngman", role = c("aut", "cre"), email = "b.youngman@exeter.ac.uk") as necessary. Flavors: r-devel-linux-x86_64-debian-clang, r-devel-linux-x86_64-debian-gcc

Version: 1.0.0
Check: C++ specification
Result: NOTE Specified C++11: please drop specification unless essential Flavors: r-devel-linux-x86_64-debian-clang, r-devel-linux-x86_64-debian-gcc, r-devel-linux-x86_64-fedora-clang, r-devel-linux-x86_64-fedora-gcc, r-devel-windows-x86_64, r-patched-linux-x86_64, r-release-linux-x86_64, r-release-macos-arm64, r-release-macos-x86_64, r-release-windows-x86_64, r-oldrel-macos-arm64, r-oldrel-macos-x86_64, r-oldrel-windows-x86_64

Version: 1.0.0
Check: Rd files
Result: NOTE checkRd: (-1) colplot.Rd:52: Lost braces 52 | \item{legend}{should a legend be added? Defaults to code{FALSE}} | ^ checkRd: (-1) colplot.Rd:56: Lost braces 56 | \item{legend.pretty}{logical: should the legend values produced by \[base]{pretty}? Othewrwise they are exact. Defaults to \code{TRUE}} | ^ Flavors: r-devel-linux-x86_64-debian-clang, r-devel-linux-x86_64-debian-gcc, r-devel-linux-x86_64-fedora-clang, r-devel-linux-x86_64-fedora-gcc, r-devel-windows-x86_64, r-patched-linux-x86_64, r-release-linux-x86_64, r-release-macos-arm64, r-release-macos-x86_64, r-release-windows-x86_64, r-oldrel-macos-arm64, r-oldrel-macos-x86_64, r-oldrel-windows-x86_64

Version: 1.0.0
Check: installed package size
Result: NOTE installed size is 7.1Mb sub-directories of 1Mb or more: libs 6.2Mb Flavors: r-oldrel-macos-arm64, r-oldrel-macos-x86_64

These binaries (installable software) and packages are in development.
They may not be fully stable and should be used with caution. We make no claims about them.
Health stats visible at Monitor.