Last updated on 2025-05-03 22:49:52 CEST.
Flavor | Version | Tinstall | Tcheck | Ttotal | Status | Flags |
---|---|---|---|---|---|---|
r-devel-linux-x86_64-debian-clang | 0.2.6 | 11.53 | 96.02 | 107.55 | NOTE | |
r-devel-linux-x86_64-debian-gcc | 0.2.6 | 7.26 | 68.58 | 75.84 | NOTE | |
r-devel-linux-x86_64-fedora-clang | 0.2.6 | 185.90 | NOTE | |||
r-devel-linux-x86_64-fedora-gcc | 0.2.6 | 171.95 | NOTE | |||
r-devel-windows-x86_64 | 0.2.6 | 12.00 | 108.00 | 120.00 | OK | |
r-patched-linux-x86_64 | 0.2.6 | 10.52 | 91.79 | 102.31 | OK | |
r-release-linux-x86_64 | OK | |||||
r-release-macos-arm64 | 0.2.6 | 59.00 | OK | |||
r-release-macos-x86_64 | 0.2.6 | 103.00 | OK | |||
r-release-windows-x86_64 | 0.2.6 | 13.00 | 108.00 | 121.00 | OK | |
r-oldrel-macos-arm64 | 0.2.6 | 46.00 | OK | |||
r-oldrel-macos-x86_64 | 0.2.6 | 81.00 | OK | |||
r-oldrel-windows-x86_64 | 0.2.6 | 16.00 | 133.00 | 149.00 | OK |
Version: 0.2.6
Check: CRAN incoming feasibility
Result: NOTE
Maintainer: ‘Brian Bader <bbader.stat@gmail.com>’
Package CITATION file contains call(s) to old-style personList() or
as.personList(). Please use c() on person objects instead.
Package CITATION file contains call(s) to old-style citEntry(). Please
use bibentry() instead.
Flavors: r-devel-linux-x86_64-debian-clang, r-devel-linux-x86_64-debian-gcc
Version: 0.2.6
Check: dependencies in R code
Result: NOTE
Namespace in Imports field not imported from: ‘EnvStats’
All declared Imports should be used.
Flavors: r-devel-linux-x86_64-fedora-clang, r-devel-linux-x86_64-fedora-gcc
These binaries (installable software) and packages are in development.
They may not be fully stable and should be used with caution. We make no claims about them.
Health stats visible at Monitor.