Last updated on 2025-10-30 19:53:23 CET.
| Flavor | Version | Tinstall | Tcheck | Ttotal | Status | Flags |
|---|---|---|---|---|---|---|
| r-devel-linux-x86_64-debian-clang | 7.0.4 | 93.19 | 105.08 | 198.27 | NOTE | |
| r-devel-linux-x86_64-debian-gcc | 7.0.4 | 50.50 | 78.83 | 129.33 | NOTE | |
| r-devel-linux-x86_64-fedora-clang | 7.0.4 | 192.00 | 173.18 | 365.18 | NOTE | |
| r-devel-linux-x86_64-fedora-gcc | 7.0.4 | 561.00 | -221.52 | 339.48 | NOTE | |
| r-devel-windows-x86_64 | 7.0.4 | 109.00 | 119.00 | 228.00 | OK | |
| r-patched-linux-x86_64 | 7.0.4 | 84.13 | 101.05 | 185.18 | OK | |
| r-release-linux-x86_64 | 7.0.4 | 86.76 | 99.55 | 186.31 | OK | |
| r-release-macos-arm64 | 7.0.4 | 29.00 | 48.00 | 77.00 | OK | |
| r-release-macos-x86_64 | 7.0.4 | 32.00 | 128.00 | 160.00 | OK | |
| r-release-windows-x86_64 | 7.0.4 | 108.00 | 121.00 | 229.00 | OK | |
| r-oldrel-macos-arm64 | 7.0.4 | 28.00 | 54.00 | 82.00 | NOTE | |
| r-oldrel-macos-x86_64 | 7.0.4 | 38.00 | 111.00 | 149.00 | NOTE | |
| r-oldrel-windows-x86_64 | 7.0.4 | 126.00 | 151.00 | 277.00 | OK |
Version: 7.0.4
Check: Rd files
Result: NOTE
checkRd: (-1) plot.euler.Rd:115-128: Only 10 columns allowed in this table (row 1 has 8)
checkRd: (-1) plot.euler.Rd:115-128: Only 10 columns allowed in this table (row 2 has 8)
checkRd: (-1) plot.euler.Rd:115-128: Only 10 columns allowed in this table (row 3 has 8)
checkRd: (-1) plot.euler.Rd:115-128: Only 10 columns allowed in this table (row 4 has 8)
checkRd: (-1) plot.euler.Rd:115-128: Only 10 columns allowed in this table (row 5 has 8)
checkRd: (-1) plot.euler.Rd:115-128: Only 10 columns allowed in this table (row 6 has 8)
checkRd: (-1) plot.euler.Rd:115-128: Only 10 columns allowed in this table (row 7 has 8)
checkRd: (-1) plot.euler.Rd:115-128: Only 10 columns allowed in this table (row 8 has 8)
checkRd: (-1) plot.euler.Rd:115-128: Only 10 columns allowed in this table (row 9 has 8)
checkRd: (-1) plot.euler.Rd:115-128: Only 10 columns allowed in this table (row 10 has 8)
checkRd: (-1) plot.euler.Rd:115-128: Only 10 columns allowed in this table (row 11 has 8)
checkRd: (-1) plot.euler.Rd:115-128: Only 10 columns allowed in this table (row 12 has 8)
Flavors: r-devel-linux-x86_64-debian-clang, r-devel-linux-x86_64-debian-gcc, r-devel-linux-x86_64-fedora-clang, r-devel-linux-x86_64-fedora-gcc
Version: 7.0.4
Check: installed package size
Result: NOTE
installed size is 5.7Mb
sub-directories of 1Mb or more:
doc 1.3Mb
libs 3.6Mb
Flavors: r-oldrel-macos-arm64, r-oldrel-macos-x86_64
These binaries (installable software) and packages are in development.
They may not be fully stable and should be used with caution. We make no claims about them.
Health stats visible at Monitor.