Last updated on 2025-10-31 01:48:56 CET.
| Flavor | Version | Tinstall | Tcheck | Ttotal | Status | Flags | 
|---|---|---|---|---|---|---|
| r-devel-linux-x86_64-debian-clang | 0.1.0 | 11.73 | 352.66 | 364.39 | NOTE | |
| r-devel-linux-x86_64-debian-gcc | 0.1.0 | 7.78 | 237.53 | 245.31 | NOTE | |
| r-devel-linux-x86_64-fedora-clang | 0.1.0 | 20.00 | 557.21 | 577.21 | NOTE | |
| r-devel-linux-x86_64-fedora-gcc | 0.1.0 | 26.00 | 549.73 | 575.73 | NOTE | |
| r-devel-windows-x86_64 | 0.1.0 | 13.00 | 319.00 | 332.00 | NOTE | |
| r-patched-linux-x86_64 | 0.1.0 | 11.91 | 353.10 | 365.01 | NOTE | |
| r-release-linux-x86_64 | 0.1.0 | 11.03 | 345.08 | 356.11 | NOTE | |
| r-release-macos-arm64 | 0.1.0 | 6.00 | 168.00 | 174.00 | NOTE | |
| r-release-macos-x86_64 | 0.1.0 | 10.00 | 233.00 | 243.00 | NOTE | |
| r-release-windows-x86_64 | 0.1.0 | 12.00 | 326.00 | 338.00 | NOTE | |
| r-oldrel-macos-arm64 | 0.1.0 | 6.00 | 164.00 | 170.00 | NOTE | |
| r-oldrel-macos-x86_64 | 0.1.0 | 14.00 | 283.00 | 297.00 | NOTE | |
| r-oldrel-windows-x86_64 | 0.1.0 | 18.00 | 477.00 | 495.00 | NOTE | 
Version: 0.1.0
Check: CRAN incoming feasibility
Result: NOTE
  Maintainer: ‘Riccardo Giubilei <riccardogbl@gmail.com>’
  
  The Description field contains
    Giubilei et al. (2022) <arXiv:2207.04430>.
  Please refer to arXiv e-prints via their arXiv DOI <doi:10.48550/arXiv.YYMM.NNNNN>.
Flavors: r-devel-linux-x86_64-debian-clang, r-devel-linux-x86_64-debian-gcc
Version: 0.1.0
Check: Rd files
Result: NOTE
  checkRd: (-1) data_cls.Rd:24: Lost braces
      24 | \item Graphs: Erd\"{o}s-R\'{e}nyi graphs with connection probability 0.10 for
         |                    ^
  checkRd: (-1) data_cls.Rd:24: Lost braces
      24 | \item Graphs: Erd\"{o}s-R\'{e}nyi graphs with connection probability 0.10 for
         |                            ^
  checkRd: (-1) data_reg.Rd:21: Lost braces
      21 | \item Graphs: Erd\"{o}s-R\'{e}nyi graphs with connection probability given by
         |                    ^
  checkRd: (-1) data_reg.Rd:21: Lost braces
      21 | \item Graphs: Erd\"{o}s-R\'{e}nyi graphs with connection probability given by
         |                            ^
Flavors: r-devel-linux-x86_64-debian-clang, r-devel-linux-x86_64-debian-gcc, r-devel-linux-x86_64-fedora-clang, r-devel-linux-x86_64-fedora-gcc, r-devel-windows-x86_64, r-patched-linux-x86_64, r-release-linux-x86_64, r-release-macos-arm64, r-release-macos-x86_64, r-release-windows-x86_64, r-oldrel-macos-arm64, r-oldrel-macos-x86_64, r-oldrel-windows-x86_64
Version: 0.1.0
Check: installed package size
Result: NOTE
    installed size is  5.5Mb
    sub-directories of 1Mb or more:
      data   4.8Mb
Flavors: r-oldrel-macos-arm64, r-oldrel-macos-x86_64
These binaries (installable software) and packages are in development.
They may not be fully stable and should be used with caution. We make no claims about them.
Health stats visible at Monitor.