CRAN Package Check Results for Package estprod

Last updated on 2025-05-15 09:52:14 CEST.

Flavor Version Tinstall Tcheck Ttotal Status Flags
r-devel-linux-x86_64-debian-clang 1.2 2.32 31.68 34.00 NOTE
r-devel-linux-x86_64-debian-gcc 1.2 1.92 24.15 26.07 NOTE
r-devel-linux-x86_64-fedora-clang 1.2 52.26 OK
r-devel-linux-x86_64-fedora-gcc 1.2 52.92 OK
r-devel-windows-x86_64 1.2 4.00 58.00 62.00 OK
r-patched-linux-x86_64 1.2 2.61 30.56 33.17 OK
r-release-linux-x86_64 1.2 2.08 30.25 32.33 OK
r-release-macos-arm64 1.2 21.00 OK
r-release-macos-x86_64 1.2 41.00 OK
r-release-windows-x86_64 1.2 4.00 58.00 62.00 OK
r-oldrel-macos-arm64 1.2 21.00 OK
r-oldrel-macos-x86_64 1.2 33.00 OK
r-oldrel-windows-x86_64 1.2 4.00 64.00 68.00 OK

Check Details

Version: 1.2
Check: CRAN incoming feasibility
Result: NOTE Maintainer: ‘Rodrigo R Remédio <rremedio@hotmail.com>’ Found the following URLs which should use \doi (with the DOI name only): File ‘wooldridge.Rd’: https://doi.org/10.1016/j.econlet.2009.04.026 Flavors: r-devel-linux-x86_64-debian-clang, r-devel-linux-x86_64-debian-gcc

These binaries (installable software) and packages are in development.
They may not be fully stable and should be used with caution. We make no claims about them.
Health stats visible at Monitor.