Last updated on 2024-05-02 11:51:19 CEST.
Flavor | Version | Tinstall | Tcheck | Ttotal | Status | Flags |
---|---|---|---|---|---|---|
r-devel-linux-x86_64-debian-clang | 0.1.8 | 41.25 | 987.36 | 1028.61 | OK | |
r-devel-linux-x86_64-debian-gcc | 0.1.8 | 33.73 | 718.14 | 751.87 | OK | |
r-devel-linux-x86_64-fedora-clang | 0.1.8 | 1242.28 | NOTE | |||
r-devel-linux-x86_64-fedora-gcc | 0.1.8 | 1163.62 | OK | |||
r-devel-windows-x86_64 | 0.1.8 | 29.00 | 682.00 | 711.00 | NOTE | |
r-patched-linux-x86_64 | 0.1.8 | 36.62 | 970.42 | 1007.04 | OK | |
r-release-linux-x86_64 | 0.1.8 | 1.24 | 2.15 | 3.39 | ERROR | |
r-release-macos-arm64 | 0.1.8 | 286.00 | NOTE | |||
r-release-macos-x86_64 | 0.1.8 | 752.00 | NOTE | |||
r-release-windows-x86_64 | 0.1.8 | 31.00 | 679.00 | 710.00 | NOTE | |
r-oldrel-macos-arm64 | 0.1.8 | 298.00 | NOTE | |||
r-oldrel-macos-x86_64 | 0.1.8 | 726.00 | NOTE | |||
r-oldrel-windows-x86_64 | 0.1.8 | 40.00 | 890.00 | 930.00 | NOTE |
Version: 0.1.8
Check: installed package size
Result: NOTE
installed size is 14.1Mb
sub-directories of 1Mb or more:
doc 13.3Mb
Flavors: r-devel-linux-x86_64-fedora-clang, r-devel-windows-x86_64, r-release-macos-arm64, r-release-macos-x86_64, r-release-windows-x86_64, r-oldrel-macos-arm64, r-oldrel-macos-x86_64, r-oldrel-windows-x86_64
Version: 0.1.8
Check: package dependencies
Result: ERROR
Package required but not available: ‘trialr’
See section ‘The DESCRIPTION file’ in the ‘Writing R Extensions’
manual.
Flavor: r-release-linux-x86_64
These binaries (installable software) and packages are in development.
They may not be fully stable and should be used with caution. We make no claims about them.
Health stats visible at Monitor.