Last updated on 2025-10-30 19:53:23 CET.
| Flavor | Version | Tinstall | Tcheck | Ttotal | Status | Flags | 
|---|---|---|---|---|---|---|
| r-devel-linux-x86_64-debian-clang | 0.3-1 | 89.27 | 217.39 | 306.66 | NOTE | |
| r-devel-linux-x86_64-debian-gcc | 0.3-1 | 62.15 | 152.60 | 214.75 | NOTE | |
| r-devel-linux-x86_64-fedora-clang | 0.3-1 | 187.00 | 324.62 | 511.62 | OK | |
| r-devel-linux-x86_64-fedora-gcc | 0.3-1 | 167.00 | 327.96 | 494.96 | OK | |
| r-devel-windows-x86_64 | 0.3-1 | 94.00 | 214.00 | 308.00 | NOTE | |
| r-patched-linux-x86_64 | 0.3-1 | 94.70 | 204.77 | 299.47 | NOTE | |
| r-release-linux-x86_64 | 0.3-1 | 85.87 | 209.30 | 295.17 | NOTE | |
| r-release-macos-arm64 | 0.3-1 | 42.00 | 114.00 | 156.00 | OK | |
| r-release-macos-x86_64 | 0.3-1 | 54.00 | 164.00 | 218.00 | OK | |
| r-release-windows-x86_64 | 0.3-1 | 94.00 | 223.00 | 317.00 | NOTE | |
| r-oldrel-macos-arm64 | 0.3-1 | 37.00 | 84.00 | 121.00 | NOTE | |
| r-oldrel-macos-x86_64 | 0.3-1 | 47.00 | 147.00 | 194.00 | NOTE | |
| r-oldrel-windows-x86_64 | 0.3-1 | 121.00 | 313.00 | 434.00 | OK | 
Version: 0.3-1
Check: Rd cross-references
Result: NOTE
  Found the following Rd file(s) with Rd \link{} targets missing package
  anchors:
    nvertex.Rd: network
  Please provide package anchors for all Rd \link{} targets not in the
  package itself and the base packages.
Flavors: r-devel-linux-x86_64-debian-clang, r-devel-linux-x86_64-debian-gcc, r-devel-windows-x86_64, r-patched-linux-x86_64, r-release-linux-x86_64, r-release-windows-x86_64
Version: 0.3-1
Check: installed package size
Result: NOTE
    installed size is  5.6Mb
    sub-directories of 1Mb or more:
      libs   4.2Mb
Flavors: r-oldrel-macos-arm64, r-oldrel-macos-x86_64
These binaries (installable software) and packages are in development.
They may not be fully stable and should be used with caution. We make no claims about them.
Health stats visible at Monitor.