Last updated on 2025-02-23 15:49:42 CET.
Flavor | Version | Tinstall | Tcheck | Ttotal | Status | Flags |
---|---|---|---|---|---|---|
r-devel-linux-x86_64-debian-clang | 4.8.1 | 71.19 | 558.84 | 630.03 | OK | --no-vignettes |
r-devel-linux-x86_64-debian-gcc | 4.8.1 | 52.67 | 378.94 | 431.61 | OK | --no-vignettes |
r-devel-linux-x86_64-fedora-clang | 4.8.1 | 1053.86 | OK | |||
r-devel-linux-x86_64-fedora-gcc | 4.8.1 | 1091.44 | OK | |||
r-devel-macos-arm64 | 4.8.1 | 271.00 | OK | |||
r-devel-macos-x86_64 | 4.8.1 | 543.00 | OK | |||
r-devel-windows-x86_64 | 4.8.1 | 96.00 | 198.00 | 294.00 | OK | --no-examples --no-tests --no-vignettes |
r-patched-linux-x86_64 | 4.8.1 | 83.95 | 530.10 | 614.05 | WARN | --no-vignettes |
r-release-linux-x86_64 | 4.8.1 | 74.33 | 533.07 | 607.40 | OK | --no-vignettes |
r-release-macos-arm64 | 4.8.1 | 264.00 | NOTE | |||
r-release-macos-x86_64 | 4.8.1 | 523.00 | NOTE | |||
r-release-windows-x86_64 | 4.8.1 | 97.00 | 197.00 | 294.00 | OK | --no-examples --no-tests --no-vignettes |
r-oldrel-macos-arm64 | 4.7.5 | 252.00 | NOTE | |||
r-oldrel-macos-x86_64 | 4.8.1 | 513.00 | NOTE | |||
r-oldrel-windows-x86_64 | 4.8.1 | 115.00 | 193.00 | 308.00 | OK | --no-examples --no-tests --no-vignettes |
Version: 4.8.1
Flags: --no-vignettes
Check: whether package can be installed
Result: WARN
Found the following significant warnings:
Rd warning: no hsearch.rds meta data for package ergm
See ‘/home/hornik/tmp/R.check/r-patched-gcc/Work/PKGS/ergm.Rcheck/00install.out’ for details.
* used C compiler: ‘gcc-14 (Debian 14.2.0-16) 14.2.0’
Flavor: r-patched-linux-x86_64
Version: 4.8.1
Check: installed package size
Result: NOTE
installed size is 8.3Mb
sub-directories of 1Mb or more:
R 2.0Mb
doc 1.3Mb
libs 3.2Mb
Flavors: r-release-macos-arm64, r-release-macos-x86_64, r-oldrel-macos-x86_64
Version: 4.7.5
Check: installed package size
Result: NOTE
installed size is 7.6Mb
sub-directories of 1Mb or more:
R 1.1Mb
doc 1.6Mb
libs 3.2Mb
Flavor: r-oldrel-macos-arm64
These binaries (installable software) and packages are in development.
They may not be fully stable and should be used with caution. We make no claims about them.
Health stats visible at Monitor.