Last updated on 2024-05-02 11:51:19 CEST.
Flavor | Version | Tinstall | Tcheck | Ttotal | Status | Flags |
---|---|---|---|---|---|---|
r-devel-linux-x86_64-debian-clang | 4.6.0 | 84.70 | 705.35 | 790.05 | OK | --no-vignettes |
r-devel-linux-x86_64-debian-gcc | 4.6.0 | 72.64 | 507.01 | 579.65 | OK | --no-vignettes |
r-devel-linux-x86_64-fedora-clang | 4.6.0 | 1273.33 | NOTE | |||
r-devel-linux-x86_64-fedora-gcc | 4.6.0 | 808.45 | OK | |||
r-devel-windows-x86_64 | 4.6.0 | 94.00 | 217.00 | 311.00 | OK | --no-examples --no-tests --no-vignettes |
r-patched-linux-x86_64 | 4.6.0 | 108.91 | 672.11 | 781.02 | WARN | --no-vignettes |
r-release-linux-x86_64 | 4.6.0 | 85.19 | 645.83 | 731.02 | OK | --no-vignettes |
r-release-macos-arm64 | 4.6.0 | 338.00 | NOTE | |||
r-release-windows-x86_64 | 4.6.0 | 94.00 | 204.00 | 298.00 | OK | --no-examples --no-tests --no-vignettes |
r-oldrel-macos-arm64 | 4.6.0 | 413.00 | NOTE | |||
r-oldrel-macos-x86_64 | 4.6.0 | 628.00 | NOTE | |||
r-oldrel-windows-x86_64 | 4.6.0 | 111.00 | 203.00 | 314.00 | OK | --no-examples --no-tests --no-vignettes |
Version: 4.6.0
Check: installed package size
Result: NOTE
installed size is 5.3Mb
sub-directories of 1Mb or more:
R 1.0Mb
doc 1.7Mb
Flavors: r-devel-linux-x86_64-fedora-clang, r-release-macos-arm64, r-oldrel-macos-arm64, r-oldrel-macos-x86_64
Version: 4.6.0
Flags: --no-vignettes
Check: whether package can be installed
Result: WARN
Found the following significant warnings:
Rd warning: no hsearch.rds meta data for package ergm
See ‘/home/hornik/tmp/R.check/r-patched-gcc/Work/PKGS/ergm.Rcheck/00install.out’ for details.
* used C compiler: ‘gcc-13 (Debian 13.2.0-23) 13.2.0’
Flavor: r-patched-linux-x86_64
These binaries (installable software) and packages are in development.
They may not be fully stable and should be used with caution. We make no claims about them.
Health stats visible at Monitor.