Last updated on 2025-02-23 15:49:42 CET.
Flavor | Version | Tinstall | Tcheck | Ttotal | Status | Flags |
---|---|---|---|---|---|---|
r-devel-linux-x86_64-debian-clang | 4.1.2 | 7.05 | 392.76 | 399.81 | NOTE | |
r-devel-linux-x86_64-debian-gcc | 4.1.2 | 5.04 | 266.67 | 271.71 | NOTE | |
r-devel-linux-x86_64-fedora-clang | 4.1.2 | 651.18 | OK | |||
r-devel-linux-x86_64-fedora-gcc | 4.1.2 | 679.48 | OK | |||
r-devel-macos-arm64 | 4.1.2 | 204.00 | OK | |||
r-devel-macos-x86_64 | 4.1.2 | 425.00 | OK | |||
r-devel-windows-x86_64 | 4.1.2 | 12.00 | 496.00 | 508.00 | NOTE | |
r-patched-linux-x86_64 | 4.1.2 | 12.77 | 387.43 | 400.20 | OK | |
r-release-linux-x86_64 | 4.1.2 | 6.96 | 388.00 | 394.96 | OK | |
r-release-macos-arm64 | 4.1.2 | 222.00 | OK | |||
r-release-macos-x86_64 | 4.1.2 | 604.00 | OK | |||
r-release-windows-x86_64 | 4.1.2 | 12.00 | 496.00 | 508.00 | OK | |
r-oldrel-macos-arm64 | 4.1.2 | 217.00 | OK | |||
r-oldrel-macos-x86_64 | 4.1.2 | 433.00 | OK | |||
r-oldrel-windows-x86_64 | 4.1.2 | 12.00 | 531.00 | 543.00 | OK |
Version: 4.1.2
Check: Rd cross-references
Result: NOTE
Found the following Rd file(s) with Rd \link{} targets missing package
anchors:
Binomial-ergmReference-cdff43a4.Rd: ergmTerm, ergmReference
CMB-ergmTerm-5a51afe9.Rd: ergmTerm
CMP-ergmTerm-4d501174.Rd: ergmTerm
Disc-ergmProposal-b6c6e5ca.Rd: DiscUnif-ergmReference, ergmProposal
DiscTNT-ergmProposal-c3c2e8cb.Rd: DiscUnif-ergmReference,
ergmProposal, TNT-ergmProposal
Geometric-ergmReference-1ee5c5ac.Rd: sum-ergmTerm, ergmReference
Poisson-ergmReference-40df5ec8.Rd: ergmTerm, ergmReference
ZIPoisson-ergmProposal-bba55a81.Rd: ergmProposal
ergm.count-package.Rd: ergm-package, ergmReference, ergmTerm, ergm,
control.ergm
zach.Rd: network
Please provide package anchors for all Rd \link{} targets not in the
package itself and the base packages.
Flavors: r-devel-linux-x86_64-debian-clang, r-devel-linux-x86_64-debian-gcc, r-devel-windows-x86_64
These binaries (installable software) and packages are in development.
They may not be fully stable and should be used with caution. We make no claims about them.
Health stats visible at Monitor.