Last updated on 2025-02-23 15:49:42 CET.
Flavor | Version | Tinstall | Tcheck | Ttotal | Status | Flags |
---|---|---|---|---|---|---|
r-devel-linux-x86_64-debian-clang | 0.3.3 | 5.58 | 176.48 | 182.06 | NOTE | |
r-devel-linux-x86_64-debian-gcc | 0.3.3 | 4.47 | 133.19 | 137.66 | ERROR | |
r-devel-linux-x86_64-fedora-clang | 0.3.3 | 225.09 | ERROR | |||
r-devel-linux-x86_64-fedora-gcc | 0.3.3 | 257.70 | ERROR | |||
r-devel-macos-arm64 | 0.3.3 | 107.00 | OK | |||
r-devel-macos-x86_64 | 0.3.3 | 177.00 | OK | |||
r-devel-windows-x86_64 | 0.3.3 | 9.00 | 167.00 | 176.00 | NOTE | |
r-patched-linux-x86_64 | 0.3.3 | 13.63 | 174.03 | 187.66 | OK | |
r-release-linux-x86_64 | 0.3.3 | 6.14 | 174.38 | 180.52 | OK | |
r-release-macos-arm64 | 0.3.3 | 107.00 | OK | |||
r-release-macos-x86_64 | 0.3.3 | 144.00 | OK | |||
r-release-windows-x86_64 | 0.3.3 | 10.00 | 162.00 | 172.00 | OK | |
r-oldrel-macos-arm64 | 0.3.3 | 112.00 | OK | |||
r-oldrel-macos-x86_64 | 0.3.3 | 199.00 | OK | |||
r-oldrel-windows-x86_64 | 0.3.3 | 12.00 | 197.00 | 209.00 | OK |
Version: 0.3.3
Check: Rd cross-references
Result: NOTE
Found the following Rd file(s) with Rd \link{} targets missing package
anchors:
renderEq.Rd: shiny
Please provide package anchors for all Rd \link{} targets not in the
package itself and the base packages.
Flavors: r-devel-linux-x86_64-debian-clang, r-devel-linux-x86_64-debian-gcc, r-devel-windows-x86_64
Version: 0.3.3
Check: tests
Result: ERROR
Running ‘spelling.R’ [0s/0s]
Running ‘testthat.R’ [60s/46s]
Running the tests in ‘tests/testthat.R’ failed.
Complete output:
> library(testthat)
> library(equatiomatic)
Attaching package: 'equatiomatic'
The following object is masked from 'package:datasets':
penguins
>
> test_check("equatiomatic")
Starting 2 test processes
[ FAIL 7 | WARN 0 | SKIP 56 | PASS 23 ]
══ Skipped tests (56) ══════════════════════════════════════════════════════════
• On CRAN (56): 'test-clm.R:10:3', 'test-clm.R:37:3', 'test-clm.R:75:3',
'test-clm.R:99:3', 'test-clm.R:125:3', 'test-fontsize.R:3:3',
'test-fontsize.R:10:3', 'test-fontsize.R:22:3', 'test-forecast-arima.R:15:3',
'test-forecast-arima.R:41:3', 'test-glm.R:92:3', 'test-glm.R:126:3',
'test-glm.R:149:3', 'test-glm.R:173:3', 'test-glm.R:191:3',
'test-glm.R:225:3', 'test-glm.R:267:3', 'test-lm.R:86:3', 'test-lm.R:94:3',
'test-lm.R:104:3', 'test-lm.R:128:3', 'test-lm.R:145:3',
'test-glmerMod.R:25:3', 'test-glmerMod.R:72:3', 'test-glmerMod.R:92:3',
'test-glmerMod.R:109:3', 'test-glmerMod.R:127:3', 'test-polr.R:9:3',
'test-polr.R:38:3', 'test-polr.R:75:3', 'test-polr.R:102:3',
'test-polr.R:125:3', 'test-se-subscripts.R:7:3', 'test-se-subscripts.R:36:3',
'test-se-subscripts.R:87:10', 'test-se-subscripts.R:135:3',
'test-se-subscripts.R:178:3', 'test-wrapping-formatting.R:5:3',
'test-wrapping-formatting.R:19:3', 'test-lmerMod.R:38:3',
'test-lmerMod.R:97:3', 'test-lmerMod.R:115:3', 'test-lmerMod.R:128:3',
'test-lmerMod.R:150:3', 'test-lmerMod.R:167:3', 'test-lmerMod.R:173:3',
'test-lmerMod.R:192:3', 'test-lmerMod.R:206:3', 'test-lmerMod.R:220:3',
'test-lmerMod.R:231:3', 'test-lmerMod.R:279:3', 'test-lmerMod.R:324:3',
'test-lmerMod.R:366:3', 'test-lmerMod.R:394:3', 'test-lmerMod.R:430:3',
'test-lmerMod.R:445:3'
══ Failed tests ════════════════════════════════════════════════════════════════
── Error ('test-glm.R:2:3'): colorizing works ──────────────────────────────────
Error in `eval(predvars, data, env)`: object 'bill_length_mm' not found
Backtrace:
▆
1. ├─stats::model.frame(...)
2. └─stats::model.frame.default(...)
3. └─base::eval(predvars, data, env)
4. └─base::eval(predvars, data, env)
── Error ('test-lm.R:6:3'): Overlapping names don't result in an error ─────────
Error in `eval(predvars, data, env)`: object 'body_mass_g' not found
Backtrace:
▆
1. ├─stats::model.frame(...)
2. └─stats::model.frame.default(...)
3. └─base::eval(predvars, data, env)
4. └─base::eval(predvars, data, env)
── Error ('test-lm.R:15:3'): Dropping intercept notation works ─────────────────
Error in `eval(predvars, data, env)`: object 'bill_depth_mm' not found
Backtrace:
▆
1. ├─stats::model.frame(...)
2. └─stats::model.frame.default(...)
3. └─base::eval(predvars, data, env)
4. └─base::eval(predvars, data, env)
── Error ('test-lm.R:20:3'): colorizing works ──────────────────────────────────
Error in `eval(predvars, data, env)`: object 'bill_depth_mm' not found
Backtrace:
▆
1. ├─stats::model.frame(...)
2. └─stats::model.frame.default(...)
3. └─base::eval(predvars, data, env)
4. └─base::eval(predvars, data, env)
── Error ('test-lm.R:46:3'): Renaming Variables works ──────────────────────────
Error in `eval(predvars, data, env)`: object 'body_mass_g' not found
Backtrace:
▆
1. ├─stats::model.frame(...)
2. └─stats::model.frame.default(...)
3. └─base::eval(predvars, data, env)
4. └─base::eval(predvars, data, env)
── Error ('test-lm.R:66:3'): Math extraction works ─────────────────────────────
Error in `eval(predvars, data, env)`: object 'bill_length_mm' not found
Backtrace:
▆
1. ├─stats::model.frame(...)
2. └─stats::model.frame.default(...)
3. └─base::eval(predvars, data, env)
4. └─base::eval(predvars, data, env)
── Error ('test-lm.R:114:3'): Interactions work ────────────────────────────────
Error in `eval(predvars, data, env)`: object 'body_mass_g' not found
Backtrace:
▆
1. ├─stats::model.frame(...)
2. └─stats::model.frame.default(...)
3. └─base::eval(predvars, data, env)
4. └─base::eval(predvars, data, env)
[ FAIL 7 | WARN 0 | SKIP 56 | PASS 23 ]
Error: Test failures
Execution halted
Flavor: r-devel-linux-x86_64-debian-gcc
Version: 0.3.3
Check: tests
Result: ERROR
Running ‘spelling.R’
Running ‘testthat.R’ [77s/55s]
Running the tests in ‘tests/testthat.R’ failed.
Complete output:
> library(testthat)
> library(equatiomatic)
Attaching package: 'equatiomatic'
The following object is masked from 'package:datasets':
penguins
>
> test_check("equatiomatic")
Starting 2 test processes
[ FAIL 7 | WARN 43 | SKIP 56 | PASS 23 ]
══ Skipped tests (56) ══════════════════════════════════════════════════════════
• On CRAN (56): 'test-clm.R:10:3', 'test-clm.R:37:3', 'test-clm.R:75:3',
'test-clm.R:99:3', 'test-clm.R:125:3', 'test-fontsize.R:3:3',
'test-fontsize.R:10:3', 'test-fontsize.R:22:3', 'test-forecast-arima.R:15:3',
'test-forecast-arima.R:41:3', 'test-glm.R:92:3', 'test-glm.R:126:3',
'test-glm.R:149:3', 'test-glm.R:173:3', 'test-glm.R:191:3',
'test-glm.R:225:3', 'test-glm.R:267:3', 'test-lm.R:86:3', 'test-lm.R:94:3',
'test-lm.R:104:3', 'test-lm.R:128:3', 'test-lm.R:145:3',
'test-glmerMod.R:25:3', 'test-glmerMod.R:72:3', 'test-glmerMod.R:92:3',
'test-glmerMod.R:109:3', 'test-glmerMod.R:127:3', 'test-polr.R:9:3',
'test-polr.R:38:3', 'test-polr.R:75:3', 'test-polr.R:102:3',
'test-polr.R:125:3', 'test-se-subscripts.R:7:3', 'test-se-subscripts.R:36:3',
'test-se-subscripts.R:87:10', 'test-se-subscripts.R:135:3',
'test-se-subscripts.R:178:3', 'test-wrapping-formatting.R:5:3',
'test-wrapping-formatting.R:19:3', 'test-lmerMod.R:38:3',
'test-lmerMod.R:97:3', 'test-lmerMod.R:115:3', 'test-lmerMod.R:128:3',
'test-lmerMod.R:150:3', 'test-lmerMod.R:167:3', 'test-lmerMod.R:173:3',
'test-lmerMod.R:192:3', 'test-lmerMod.R:206:3', 'test-lmerMod.R:220:3',
'test-lmerMod.R:231:3', 'test-lmerMod.R:279:3', 'test-lmerMod.R:324:3',
'test-lmerMod.R:366:3', 'test-lmerMod.R:394:3', 'test-lmerMod.R:430:3',
'test-lmerMod.R:445:3'
══ Failed tests ════════════════════════════════════════════════════════════════
── Error ('test-glm.R:2:3'): colorizing works ──────────────────────────────────
Error in `eval(predvars, data, env)`: object 'bill_length_mm' not found
Backtrace:
▆
1. ├─stats::model.frame(...)
2. └─stats::model.frame.default(...)
3. └─base::eval(predvars, data, env)
4. └─base::eval(predvars, data, env)
── Error ('test-lm.R:6:3'): Overlapping names don't result in an error ─────────
Error in `eval(predvars, data, env)`: object 'body_mass_g' not found
Backtrace:
▆
1. ├─stats::model.frame(...)
2. └─stats::model.frame.default(...)
3. └─base::eval(predvars, data, env)
4. └─base::eval(predvars, data, env)
── Error ('test-lm.R:15:3'): Dropping intercept notation works ─────────────────
Error in `eval(predvars, data, env)`: object 'bill_depth_mm' not found
Backtrace:
▆
1. ├─stats::model.frame(...)
2. └─stats::model.frame.default(...)
3. └─base::eval(predvars, data, env)
4. └─base::eval(predvars, data, env)
── Error ('test-lm.R:20:3'): colorizing works ──────────────────────────────────
Error in `eval(predvars, data, env)`: object 'bill_depth_mm' not found
Backtrace:
▆
1. ├─stats::model.frame(...)
2. └─stats::model.frame.default(...)
3. └─base::eval(predvars, data, env)
4. └─base::eval(predvars, data, env)
── Error ('test-lm.R:46:3'): Renaming Variables works ──────────────────────────
Error in `eval(predvars, data, env)`: object 'body_mass_g' not found
Backtrace:
▆
1. ├─stats::model.frame(...)
2. └─stats::model.frame.default(...)
3. └─base::eval(predvars, data, env)
4. └─base::eval(predvars, data, env)
── Error ('test-lm.R:66:3'): Math extraction works ─────────────────────────────
Error in `eval(predvars, data, env)`: object 'bill_length_mm' not found
Backtrace:
▆
1. ├─stats::model.frame(...)
2. └─stats::model.frame.default(...)
3. └─base::eval(predvars, data, env)
4. └─base::eval(predvars, data, env)
── Error ('test-lm.R:114:3'): Interactions work ────────────────────────────────
Error in `eval(predvars, data, env)`: object 'body_mass_g' not found
Backtrace:
▆
1. ├─stats::model.frame(...)
2. └─stats::model.frame.default(...)
3. └─base::eval(predvars, data, env)
4. └─base::eval(predvars, data, env)
[ FAIL 7 | WARN 43 | SKIP 56 | PASS 23 ]
Error: Test failures
Execution halted
Flavor: r-devel-linux-x86_64-fedora-clang
Version: 0.3.3
Check: tests
Result: ERROR
Running ‘spelling.R’
Running ‘testthat.R’ [85s/117s]
Running the tests in ‘tests/testthat.R’ failed.
Complete output:
> library(testthat)
> library(equatiomatic)
Attaching package: 'equatiomatic'
The following object is masked from 'package:datasets':
penguins
>
> test_check("equatiomatic")
Starting 2 test processes
Superclass process has cloneable=FALSE, but subclass r_session has cloneable=TRUE. A subclass cannot be cloneable when its superclass is not cloneable, so cloning will be disabled for r_session.
Superclass process has cloneable=FALSE, but subclass r_session has cloneable=TRUE. A subclass cannot be cloneable when its superclass is not cloneable, so cloning will be disabled for r_session.
[ FAIL 7 | WARN 43 | SKIP 56 | PASS 23 ]
══ Skipped tests (56) ══════════════════════════════════════════════════════════
• On CRAN (56): 'test-clm.R:10:3', 'test-clm.R:37:3', 'test-clm.R:75:3',
'test-clm.R:99:3', 'test-clm.R:125:3', 'test-fontsize.R:3:3',
'test-fontsize.R:10:3', 'test-fontsize.R:22:3', 'test-glm.R:92:3',
'test-glm.R:126:3', 'test-glm.R:149:3', 'test-glm.R:173:3',
'test-glm.R:191:3', 'test-glm.R:225:3', 'test-glm.R:267:3',
'test-forecast-arima.R:15:3', 'test-forecast-arima.R:41:3', 'test-lm.R:86:3',
'test-lm.R:94:3', 'test-lm.R:104:3', 'test-lm.R:128:3', 'test-lm.R:145:3',
'test-glmerMod.R:25:3', 'test-glmerMod.R:72:3', 'test-glmerMod.R:92:3',
'test-glmerMod.R:109:3', 'test-glmerMod.R:127:3', 'test-polr.R:9:3',
'test-polr.R:38:3', 'test-polr.R:75:3', 'test-polr.R:102:3',
'test-polr.R:125:3', 'test-se-subscripts.R:7:3', 'test-se-subscripts.R:36:3',
'test-se-subscripts.R:87:10', 'test-se-subscripts.R:135:3',
'test-se-subscripts.R:178:3', 'test-wrapping-formatting.R:5:3',
'test-wrapping-formatting.R:19:3', 'test-lmerMod.R:38:3',
'test-lmerMod.R:97:3', 'test-lmerMod.R:115:3', 'test-lmerMod.R:128:3',
'test-lmerMod.R:150:3', 'test-lmerMod.R:167:3', 'test-lmerMod.R:173:3',
'test-lmerMod.R:192:3', 'test-lmerMod.R:206:3', 'test-lmerMod.R:220:3',
'test-lmerMod.R:231:3', 'test-lmerMod.R:279:3', 'test-lmerMod.R:324:3',
'test-lmerMod.R:366:3', 'test-lmerMod.R:394:3', 'test-lmerMod.R:430:3',
'test-lmerMod.R:445:3'
══ Failed tests ════════════════════════════════════════════════════════════════
── Error ('test-glm.R:2:3'): colorizing works ──────────────────────────────────
Error in `eval(predvars, data, env)`: object 'bill_length_mm' not found
Backtrace:
▆
1. ├─stats::model.frame(...)
2. └─stats::model.frame.default(...)
3. └─base::eval(predvars, data, env)
4. └─base::eval(predvars, data, env)
── Error ('test-lm.R:6:3'): Overlapping names don't result in an error ─────────
Error in `eval(predvars, data, env)`: object 'body_mass_g' not found
Backtrace:
▆
1. ├─stats::model.frame(...)
2. └─stats::model.frame.default(...)
3. └─base::eval(predvars, data, env)
4. └─base::eval(predvars, data, env)
── Error ('test-lm.R:15:3'): Dropping intercept notation works ─────────────────
Error in `eval(predvars, data, env)`: object 'bill_depth_mm' not found
Backtrace:
▆
1. ├─stats::model.frame(...)
2. └─stats::model.frame.default(...)
3. └─base::eval(predvars, data, env)
4. └─base::eval(predvars, data, env)
── Error ('test-lm.R:20:3'): colorizing works ──────────────────────────────────
Error in `eval(predvars, data, env)`: object 'bill_depth_mm' not found
Backtrace:
▆
1. ├─stats::model.frame(...)
2. └─stats::model.frame.default(...)
3. └─base::eval(predvars, data, env)
4. └─base::eval(predvars, data, env)
── Error ('test-lm.R:46:3'): Renaming Variables works ──────────────────────────
Error in `eval(predvars, data, env)`: object 'body_mass_g' not found
Backtrace:
▆
1. ├─stats::model.frame(...)
2. └─stats::model.frame.default(...)
3. └─base::eval(predvars, data, env)
4. └─base::eval(predvars, data, env)
── Error ('test-lm.R:66:3'): Math extraction works ─────────────────────────────
Error in `eval(predvars, data, env)`: object 'bill_length_mm' not found
Backtrace:
▆
1. ├─stats::model.frame(...)
2. └─stats::model.frame.default(...)
3. └─base::eval(predvars, data, env)
4. └─base::eval(predvars, data, env)
── Error ('test-lm.R:114:3'): Interactions work ────────────────────────────────
Error in `eval(predvars, data, env)`: object 'body_mass_g' not found
Backtrace:
▆
1. ├─stats::model.frame(...)
2. └─stats::model.frame.default(...)
3. └─base::eval(predvars, data, env)
4. └─base::eval(predvars, data, env)
[ FAIL 7 | WARN 43 | SKIP 56 | PASS 23 ]
Error: Test failures
Execution halted
Flavor: r-devel-linux-x86_64-fedora-gcc
These binaries (installable software) and packages are in development.
They may not be fully stable and should be used with caution. We make no claims about them.
Health stats visible at Monitor.