Last updated on 2025-05-07 20:49:43 CEST.
Flavor | Version | Tinstall | Tcheck | Ttotal | Status | Flags |
---|---|---|---|---|---|---|
r-devel-linux-x86_64-debian-clang | 0.5-10.1 | 5.81 | 39.82 | 45.63 | NOTE | |
r-devel-linux-x86_64-debian-gcc | 0.5-10.1 | 4.45 | 27.66 | 32.11 | NOTE | |
r-devel-linux-x86_64-fedora-clang | 0.5-10.1 | 70.08 | NOTE | |||
r-devel-linux-x86_64-fedora-gcc | 0.5-10.1 | 70.79 | NOTE | |||
r-devel-windows-x86_64 | 0.5-10.1 | 6.00 | 60.00 | 66.00 | NOTE | |
r-patched-linux-x86_64 | 0.5-10.1 | 7.02 | 37.00 | 44.02 | NOTE | |
r-release-linux-x86_64 | 0.5-10.1 | 6.09 | 37.17 | 43.26 | NOTE | |
r-release-macos-arm64 | 0.5-10.1 | 24.00 | NOTE | |||
r-release-macos-x86_64 | 0.5-10.1 | 40.00 | NOTE | |||
r-release-windows-x86_64 | 0.5-10.1 | 7.00 | 65.00 | 72.00 | NOTE | |
r-oldrel-macos-arm64 | 0.5-10.1 | 27.00 | NOTE | |||
r-oldrel-macos-x86_64 | 0.5-10.1 | 35.00 | NOTE | |||
r-oldrel-windows-x86_64 | 0.5-10.1 | 7.00 | 56.00 | 63.00 | NOTE |
Version: 0.5-10.1
Check: CRAN incoming feasibility
Result: NOTE
Maintainer: ‘Adam Omidpanah <adam.omidpanah@wsu.edu>’
Found the following (possibly) invalid file URI:
URI: www.colorbrewer.org
From: man/colorbrewer.Rd
Flavors: r-devel-linux-x86_64-debian-clang, r-devel-linux-x86_64-debian-gcc
Version: 0.5-10.1
Check: Rd files
Result: NOTE
checkRd: (-1) oswego.Rd:43-45: Lost braces in \itemize; meant \describe ?
checkRd: (-1) oswego.Rd:46-48: Lost braces in \itemize; meant \describe ?
checkRd: (-1) oswego.Rd:49-51: Lost braces in \itemize; meant \describe ?
checkRd: (-1) oswego.Rd:52-54: Lost braces in \itemize; meant \describe ?
checkRd: (-1) oswego.Rd:55-57: Lost braces in \itemize; meant \describe ?
checkRd: (-1) oswego.Rd:58-60: Lost braces in \itemize; meant \describe ?
checkRd: (-1) oswego.Rd:61-63: Lost braces in \itemize; meant \describe ?
checkRd: (-1) oswego.Rd:64-66: Lost braces in \itemize; meant \describe ?
checkRd: (-1) oswego.Rd:67-69: Lost braces in \itemize; meant \describe ?
checkRd: (-1) oswego.Rd:70-72: Lost braces in \itemize; meant \describe ?
checkRd: (-1) oswego.Rd:73-75: Lost braces in \itemize; meant \describe ?
checkRd: (-1) oswego.Rd:76-78: Lost braces in \itemize; meant \describe ?
checkRd: (-1) oswego.Rd:79-81: Lost braces in \itemize; meant \describe ?
checkRd: (-1) oswego.Rd:82-84: Lost braces in \itemize; meant \describe ?
checkRd: (-1) oswego.Rd:85-87: Lost braces in \itemize; meant \describe ?
checkRd: (-1) oswego.Rd:88-90: Lost braces in \itemize; meant \describe ?
checkRd: (-1) oswego.Rd:91-93: Lost braces in \itemize; meant \describe ?
checkRd: (-1) oswego.Rd:94-96: Lost braces in \itemize; meant \describe ?
checkRd: (-1) oswego.Rd:97-99: Lost braces in \itemize; meant \describe ?
checkRd: (-1) oswego.Rd:100-102: Lost braces in \itemize; meant \describe ?
checkRd: (-1) wcgs.Rd:22-24: Lost braces in \itemize; meant \describe ?
checkRd: (-1) wcgs.Rd:25-27: Lost braces in \itemize; meant \describe ?
checkRd: (-1) wcgs.Rd:28-30: Lost braces in \itemize; meant \describe ?
checkRd: (-1) wcgs.Rd:31-33: Lost braces in \itemize; meant \describe ?
checkRd: (-1) wcgs.Rd:34-36: Lost braces in \itemize; meant \describe ?
checkRd: (-1) wcgs.Rd:37-39: Lost braces in \itemize; meant \describe ?
checkRd: (-1) wcgs.Rd:40-42: Lost braces in \itemize; meant \describe ?
checkRd: (-1) wcgs.Rd:43-45: Lost braces in \itemize; meant \describe ?
checkRd: (-1) wcgs.Rd:46-48: Lost braces in \itemize; meant \describe ?
checkRd: (-1) wcgs.Rd:49-51: Lost braces in \itemize; meant \describe ?
checkRd: (-1) wcgs.Rd:52-54: Lost braces in \itemize; meant \describe ?
checkRd: (-1) wcgs.Rd:55-57: Lost braces in \itemize; meant \describe ?
checkRd: (-1) wcgs.Rd:58-60: Lost braces in \itemize; meant \describe ?
checkRd: (-1) wcgs.Rd:61-63: Lost braces in \itemize; meant \describe ?
Flavors: r-devel-linux-x86_64-debian-clang, r-devel-linux-x86_64-debian-gcc, r-devel-linux-x86_64-fedora-clang, r-devel-linux-x86_64-fedora-gcc, r-devel-windows-x86_64, r-patched-linux-x86_64, r-release-linux-x86_64, r-release-macos-arm64, r-release-macos-x86_64, r-release-windows-x86_64, r-oldrel-macos-arm64, r-oldrel-macos-x86_64, r-oldrel-windows-x86_64
These binaries (installable software) and packages are in development.
They may not be fully stable and should be used with caution. We make no claims about them.
Health stats visible at Monitor.