CRAN Package Check Results for Package epiparameter

Last updated on 2025-02-02 05:48:23 CET.

Flavor Version Tinstall Tcheck Ttotal Status Flags
r-devel-linux-x86_64-debian-clang 0.4.1 16.53 279.59 296.12 OK
r-devel-linux-x86_64-debian-gcc 0.4.1 11.71 172.43 184.14 OK
r-devel-linux-x86_64-fedora-clang 0.4.1 473.05 OK
r-devel-linux-x86_64-fedora-gcc 0.4.1 567.41 OK
r-devel-windows-x86_64 0.4.1 28.00 347.00 375.00 OK
r-patched-linux-x86_64 0.4.1 18.33 241.27 259.60 OK
r-release-linux-x86_64 0.4.1 16.02 257.24 273.26 OK
r-release-macos-arm64 0.4.1 269.00 OK
r-release-macos-x86_64 0.4.1 528.00 OK
r-release-windows-x86_64 0.4.1 30.00 360.00 390.00 OK
r-oldrel-macos-arm64 0.4.0 264.00 ERROR
r-oldrel-macos-x86_64 0.4.0 560.00 OK
r-oldrel-windows-x86_64 0.4.1 30.00 389.00 419.00 OK

Check Details

Version: 0.4.0
Check: re-building of vignette outputs
Result: ERROR Error(s) in re-building vignettes: --- re-building ‘data_protocol.Rmd’ using rmarkdown --- finished re-building ‘data_protocol.Rmd’ --- re-building ‘database.Rmd’ using rmarkdown --- finished re-building ‘database.Rmd’ --- re-building ‘design_principles.Rmd’ using rmarkdown --- finished re-building ‘design_principles.Rmd’ --- re-building ‘epiparameter.Rmd’ using rmarkdown --- finished re-building ‘epiparameter.Rmd’ --- re-building ‘extract-bias.Rmd’ using rmarkdown File figure/plot-results-percentiles-1.png not found in resource path Error: processing vignette 'extract-bias.Rmd' failed with diagnostics: pandoc document conversion failed with error 99 --- failed re-building ‘extract-bias.Rmd’ --- re-building ‘extract_convert.Rmd’ using rmarkdown --- finished re-building ‘extract_convert.Rmd’ SUMMARY: processing the following file failed: ‘extract-bias.Rmd’ Error: Vignette re-building failed. Execution halted Flavor: r-oldrel-macos-arm64

These binaries (installable software) and packages are in development.
They may not be fully stable and should be used with caution. We make no claims about them.
Health stats visible at Monitor.