Last updated on 2025-02-23 15:49:42 CET.
Flavor | Version | Tinstall | Tcheck | Ttotal | Status | Flags |
---|---|---|---|---|---|---|
r-devel-linux-x86_64-debian-clang | 0.96 | 19.94 | 207.29 | 227.23 | NOTE | |
r-devel-linux-x86_64-debian-gcc | 0.96 | 14.27 | 134.22 | 148.49 | NOTE | |
r-devel-linux-x86_64-fedora-clang | 0.96 | 363.93 | NOTE | |||
r-devel-linux-x86_64-fedora-gcc | 0.96 | 393.97 | NOTE | |||
r-devel-macos-arm64 | 0.96 | 116.00 | NOTE | |||
r-devel-macos-x86_64 | 0.96 | 252.00 | NOTE | |||
r-devel-windows-x86_64 | 0.96 | 27.00 | 245.00 | 272.00 | NOTE | |
r-patched-linux-x86_64 | 0.96 | 19.57 | 199.28 | 218.85 | NOTE | |
r-release-linux-x86_64 | 0.96 | 18.16 | 200.84 | 219.00 | NOTE | |
r-release-macos-arm64 | 0.96 | 108.00 | NOTE | |||
r-release-macos-x86_64 | 0.96 | 182.00 | NOTE | |||
r-release-windows-x86_64 | 0.96 | 27.00 | 236.00 | 263.00 | NOTE | |
r-oldrel-macos-arm64 | 0.96 | 126.00 | OK | |||
r-oldrel-macos-x86_64 | 0.96 | 220.00 | OK | |||
r-oldrel-windows-x86_64 | 0.96 | 30.00 | 286.00 | 316.00 | OK |
Version: 0.96
Check: Rd files
Result: NOTE
checkRd: (-1) runSim.Rd:111: Lost braces
111 | \ifelse{html}{\out{<i>r</i><sub>1</sub> = 1}}{{\eqn{r_1 = 1}}{r_1 = 1}} while the individual with the lowest phenotypic value
| ^
checkRd: (-1) runSim.Rd:112: Lost braces
112 | is given the rank \ifelse{html}{\out{<i>r<sub>n</sub></i> = <i>n</i>}}{{\eqn{r_n = n}}{r_n = n}}), the probability of an individual
| ^
checkRd: (-1) runSim.Rd:120-122: Lost braces
120 | }{
| ^
Flavors: r-devel-linux-x86_64-debian-clang, r-devel-linux-x86_64-debian-gcc, r-devel-linux-x86_64-fedora-clang, r-devel-linux-x86_64-fedora-gcc, r-devel-macos-arm64, r-devel-macos-x86_64, r-devel-windows-x86_64, r-patched-linux-x86_64, r-release-linux-x86_64, r-release-macos-arm64, r-release-macos-x86_64, r-release-windows-x86_64
These binaries (installable software) and packages are in development.
They may not be fully stable and should be used with caution. We make no claims about them.
Health stats visible at Monitor.