Last updated on 2025-05-15 07:49:38 CEST.
Flavor | Version | Tinstall | Tcheck | Ttotal | Status | Flags |
---|---|---|---|---|---|---|
r-devel-linux-x86_64-debian-clang | 1.0-9 | 14.12 | 84.02 | 98.14 | NOTE | |
r-devel-linux-x86_64-debian-gcc | 1.0-9 | 9.93 | 56.65 | 66.58 | NOTE | |
r-devel-linux-x86_64-fedora-clang | 1.0-9 | 151.83 | OK | |||
r-devel-linux-x86_64-fedora-gcc | 1.0-9 | 158.33 | OK | |||
r-devel-windows-x86_64 | 1.0-9 | 16.00 | 107.00 | 123.00 | OK | |
r-patched-linux-x86_64 | 1.0-9 | 15.77 | 77.17 | 92.94 | OK | |
r-release-linux-x86_64 | 1.0-9 | 13.33 | 78.22 | 91.55 | OK | |
r-release-macos-arm64 | 1.0-9 | 44.00 | OK | |||
r-release-macos-x86_64 | 1.0-9 | 77.00 | OK | |||
r-release-windows-x86_64 | 1.0-9 | 16.00 | 106.00 | 122.00 | OK | |
r-oldrel-macos-arm64 | 1.0-9 | 43.00 | OK | |||
r-oldrel-macos-x86_64 | 1.0-9 | 68.00 | OK | |||
r-oldrel-windows-x86_64 | 1.0-9 | 22.00 | 125.00 | 147.00 | OK |
Version: 1.0-9
Check: CRAN incoming feasibility
Result: NOTE
Maintainer: ‘Ottar N. Bjornstad <onb1@psu.edu>’
The Description field contains
<https://link.springer.com/book/10.1007/978-3-319-97487-3>. The package
Please use permanent DOI markup for linking to publications as in <doi:prefix/suffix>.
Flavors: r-devel-linux-x86_64-debian-clang, r-devel-linux-x86_64-debian-gcc
These binaries (installable software) and packages are in development.
They may not be fully stable and should be used with caution. We make no claims about them.
Health stats visible at Monitor.