Last updated on 2025-02-23 15:49:42 CET.
Flavor | Version | Tinstall | Tcheck | Ttotal | Status | Flags |
---|---|---|---|---|---|---|
r-devel-linux-x86_64-debian-clang | 0.2.0 | 7.31 | 59.97 | 67.28 | NOTE | |
r-devel-linux-x86_64-debian-gcc | 0.2.0 | 5.78 | 43.59 | 49.37 | NOTE | |
r-devel-linux-x86_64-fedora-clang | 0.2.0 | 105.46 | NOTE | |||
r-devel-linux-x86_64-fedora-gcc | 0.2.0 | 115.01 | NOTE | |||
r-devel-macos-arm64 | 0.2.0 | 37.00 | OK | |||
r-devel-macos-x86_64 | 0.2.0 | 77.00 | NOTE | |||
r-devel-windows-x86_64 | 0.2.0 | 8.00 | 80.00 | 88.00 | NOTE | |
r-patched-linux-x86_64 | 0.2.0 | 13.67 | 55.08 | 68.75 | OK | |
r-release-linux-x86_64 | 0.2.0 | 6.17 | 54.86 | 61.03 | OK | |
r-release-macos-arm64 | 0.2.0 | 35.00 | NOTE | |||
r-release-macos-x86_64 | 0.2.0 | 59.00 | NOTE | |||
r-release-windows-x86_64 | 0.2.0 | 9.00 | 77.00 | 86.00 | NOTE | |
r-oldrel-macos-arm64 | 0.2.0 | 46.00 | NOTE | |||
r-oldrel-macos-x86_64 | 0.2.0 | 87.00 | NOTE | |||
r-oldrel-windows-x86_64 | 0.2.0 | 11.00 | 91.00 | 102.00 | NOTE |
Version: 0.2.0
Check: DESCRIPTION meta-information
Result: NOTE
Missing dependency on R >= 4.1.0 because package code uses the pipe
|> or function shorthand \(...) syntax added in R 4.1.0.
File(s) using such syntax:
‘clean_admin_names.R’ ‘consistency_check.R’ ‘get_admin_names.R’
‘handle_outliers.R’ ‘missing_plot.R’
Flavors: r-devel-linux-x86_64-debian-clang, r-devel-linux-x86_64-debian-gcc, r-devel-linux-x86_64-fedora-clang, r-devel-linux-x86_64-fedora-gcc, r-devel-macos-x86_64, r-devel-windows-x86_64
Version: 0.2.0
Check: Rd cross-references
Result: NOTE
Found the following Rd file(s) with Rd \link{} targets missing package
anchors:
clean_admin_names.Rd: countrycode
clean_names_strings.Rd: janitor
consistency_check.Rd: ggplot2
export.Rd: rio
import.Rd: rio
missing_plot.Rd: ggplot2
Please provide package anchors for all Rd \link{} targets not in the
package itself and the base packages.
Flavors: r-devel-linux-x86_64-debian-clang, r-devel-linux-x86_64-debian-gcc, r-devel-windows-x86_64
Version: 0.2.0
Check: installed package size
Result: NOTE
installed size is 5.6Mb
sub-directories of 1Mb or more:
doc 2.9Mb
help 2.5Mb
Flavors: r-release-macos-arm64, r-release-macos-x86_64, r-release-windows-x86_64, r-oldrel-macos-arm64, r-oldrel-macos-x86_64, r-oldrel-windows-x86_64
These binaries (installable software) and packages are in development.
They may not be fully stable and should be used with caution. We make no claims about them.
Health stats visible at Monitor.