Last updated on 2025-07-02 07:50:29 CEST.
Flavor | Version | Tinstall | Tcheck | Ttotal | Status | Flags |
---|---|---|---|---|---|---|
r-devel-linux-x86_64-debian-clang | 3.4 | 6.05 | 60.23 | 66.28 | OK | |
r-devel-linux-x86_64-debian-gcc | 3.4 | 3.87 | 43.48 | 47.35 | OK | |
r-devel-linux-x86_64-fedora-clang | 3.4 | 100.09 | OK | |||
r-devel-linux-x86_64-fedora-gcc | 3.4 | 107.08 | OK | |||
r-devel-windows-x86_64 | 3.4 | 11.00 | 120.00 | 131.00 | OK | |
r-patched-linux-x86_64 | OK | |||||
r-release-linux-x86_64 | 3.4 | 5.63 | 54.56 | 60.19 | OK | |
r-release-macos-arm64 | 3.4 | 106.00 | OK | |||
r-release-macos-x86_64 | 3.4 | 142.00 | OK | |||
r-release-windows-x86_64 | 3.4 | 10.00 | 120.00 | 130.00 | OK | |
r-oldrel-macos-arm64 | 3.4 | 112.00 | OK | |||
r-oldrel-macos-x86_64 | 3.4 | 143.00 | OK | |||
r-oldrel-windows-x86_64 | 3.4 | 12.00 | 16.00 | 28.00 | ERROR |
Version: 3.4
Check: whether the package can be loaded
Result: ERROR
Loading this package had a fatal error status code 1
Loading log:
Welcome to enrichR
Checking connections ...
Error: package or namespace load failed for 'enrichR':
.onAttach failed in attachNamespace() for 'enrichR', details:
call: curl::curl_fetch_memory(url, handle = handle)
error: Number of redirects hit maximum amount [maayanlab.cloud]:
Maximum (10) redirects followed
Execution halted
Flavor: r-oldrel-windows-x86_64
These binaries (installable software) and packages are in development.
They may not be fully stable and should be used with caution. We make no claims about them.
Health stats visible at Monitor.