Last updated on 2025-05-17 13:49:36 CEST.
Flavor | Version | Tinstall | Tcheck | Ttotal | Status | Flags |
---|---|---|---|---|---|---|
r-devel-linux-x86_64-debian-clang | 0.1.4 | 6.25 | 72.02 | 78.27 | NOTE | |
r-devel-linux-x86_64-debian-gcc | 0.1.4 | 5.15 | 54.14 | 59.29 | NOTE | |
r-devel-linux-x86_64-fedora-clang | 0.1.4 | 127.91 | OK | |||
r-devel-linux-x86_64-fedora-gcc | 0.1.4 | 129.27 | OK | |||
r-devel-windows-x86_64 | 0.1.4 | 7.00 | 87.00 | 94.00 | OK | |
r-patched-linux-x86_64 | 0.1.4 | 5.42 | 70.62 | 76.04 | OK | |
r-release-linux-x86_64 | 0.1.4 | 5.51 | 69.71 | 75.22 | OK | |
r-release-macos-arm64 | 0.1.4 | 30.00 | OK | |||
r-release-macos-x86_64 | 0.1.4 | 73.00 | OK | |||
r-release-windows-x86_64 | 0.1.4 | 11.00 | 89.00 | 100.00 | OK | |
r-oldrel-macos-arm64 | 0.1.4 | 27.00 | OK | |||
r-oldrel-macos-x86_64 | 0.1.4 | 38.00 | OK | |||
r-oldrel-windows-x86_64 | 0.1.4 | 14.00 | 100.00 | 114.00 | OK |
Version: 0.1.4
Check: CRAN incoming feasibility
Result: NOTE
Maintainer: ‘Nicolai Meinshausen <meinshausen@stat.math.ethz.ch>’
The Description field contains
supports classification (experimental). <arxiv:2307.00835>.
Please refer to arXiv e-prints via their arXiv DOI <doi:10.48550/arXiv.YYMM.NNNNN>.
Flavors: r-devel-linux-x86_64-debian-clang, r-devel-linux-x86_64-debian-gcc
These binaries (installable software) and packages are in development.
They may not be fully stable and should be used with caution. We make no claims about them.
Health stats visible at Monitor.