Last updated on 2025-10-30 17:49:58 CET.
| Flavor | Version | Tinstall | Tcheck | Ttotal | Status | Flags |
|---|---|---|---|---|---|---|
| r-devel-linux-x86_64-debian-clang | 0.1.4 | 6.24 | 131.87 | 138.11 | NOTE | |
| r-devel-linux-x86_64-debian-gcc | 0.1.4 | 4.66 | 100.56 | 105.22 | NOTE | |
| r-devel-linux-x86_64-fedora-clang | 0.1.4 | 41.00 | 199.63 | 240.63 | OK | |
| r-devel-linux-x86_64-fedora-gcc | 0.1.4 | 36.00 | 198.44 | 234.44 | OK | |
| r-devel-windows-x86_64 | 0.1.4 | 10.00 | 84.00 | 94.00 | OK | |
| r-patched-linux-x86_64 | 0.1.4 | 6.43 | 128.19 | 134.62 | OK | |
| r-release-linux-x86_64 | 0.1.4 | 6.45 | 129.21 | 135.66 | OK | |
| r-release-macos-arm64 | 0.1.4 | 3.00 | 27.00 | 30.00 | OK | |
| r-release-macos-x86_64 | 0.1.4 | 5.00 | 68.00 | 73.00 | OK | |
| r-release-windows-x86_64 | 0.1.4 | 18.00 | 114.00 | 132.00 | WARN | |
| r-oldrel-macos-arm64 | 0.1.4 | 3.00 | 24.00 | 27.00 | OK | |
| r-oldrel-macos-x86_64 | 0.1.4 | 4.00 | 34.00 | 38.00 | OK | |
| r-oldrel-windows-x86_64 | 0.1.4 | 10.00 | 144.00 | 154.00 | OK |
Version: 0.1.4
Check: CRAN incoming feasibility
Result: NOTE
Maintainer: ‘Nicolai Meinshausen <meinshausen@stat.math.ethz.ch>’
The Description field contains
supports classification (experimental). <arxiv:2307.00835>.
Please refer to arXiv e-prints via their arXiv DOI <doi:10.48550/arXiv.YYMM.NNNNN>.
Flavors: r-devel-linux-x86_64-debian-clang, r-devel-linux-x86_64-debian-gcc
Version: 0.1.4
Check: whether package can be installed
Result: WARN
Found the following significant warnings:
Warning: Torch libraries are installed but loading them caused a segfault.
Flavor: r-release-windows-x86_64
These binaries (installable software) and packages are in development.
They may not be fully stable and should be used with caution. We make no claims about them.
Health stats visible at Monitor.