CRAN Package Check Results for Package enetLTS

Last updated on 2025-05-17 09:49:09 CEST.

Flavor Version Tinstall Tcheck Ttotal Status Flags
r-devel-linux-x86_64-debian-clang 1.1.0 13.86 99.13 112.99 NOTE
r-devel-linux-x86_64-debian-gcc 1.1.0 9.49 69.08 78.57 NOTE
r-devel-linux-x86_64-fedora-clang 1.1.0 168.05 NOTE
r-devel-linux-x86_64-fedora-gcc 1.1.0 173.20 NOTE
r-devel-windows-x86_64 1.1.0 17.00 99.00 116.00 NOTE
r-patched-linux-x86_64 1.1.0 11.33 90.23 101.56 NOTE
r-release-linux-x86_64 1.1.0 13.28 89.69 102.97 NOTE
r-release-macos-arm64 1.1.0 46.00 NOTE
r-release-macos-x86_64 1.1.0 86.00 NOTE
r-release-windows-x86_64 1.1.0 14.00 99.00 113.00 NOTE
r-oldrel-macos-arm64 1.1.0 46.00 NOTE
r-oldrel-macos-x86_64 1.1.0 67.00 NOTE
r-oldrel-windows-x86_64 1.1.0 19.00 122.00 141.00 NOTE

Check Details

Version: 1.1.0
Check: CRAN incoming feasibility
Result: NOTE Maintainer: ‘Fatma Sevinc Kurnaz <fatmasevinckurnaz@gmail.com>’ No Authors@R field in DESCRIPTION. Please add one, modifying Authors@R: c(person(given = c("Fatma", "Sevinc"), family = "Kurnaz", role = c("aut", "cre"), email = "fatmasevinckurnaz@gmail.com"), person(given = "Irene", family = "Hoffmann", role = "aut"), person(given = "Peter", family = "Filzmoser", role = "aut")) as necessary. Flavors: r-devel-linux-x86_64-debian-clang, r-devel-linux-x86_64-debian-gcc

Version: 1.1.0
Check: Rd files
Result: NOTE checkRd: (-1) enetLTS-package.Rd:41: Lost braces; missing escapes or markup? 41 | \code{family="binomial"} should be a factor with two levels which is coded as \code{0} and {1}. | ^ Flavors: r-devel-linux-x86_64-debian-clang, r-devel-linux-x86_64-debian-gcc, r-devel-linux-x86_64-fedora-clang, r-devel-linux-x86_64-fedora-gcc, r-devel-windows-x86_64, r-patched-linux-x86_64, r-release-linux-x86_64, r-release-macos-arm64, r-release-macos-x86_64, r-release-windows-x86_64, r-oldrel-macos-arm64, r-oldrel-macos-x86_64, r-oldrel-windows-x86_64

These binaries (installable software) and packages are in development.
They may not be fully stable and should be used with caution. We make no claims about them.
Health stats visible at Monitor.