Last updated on 2024-05-02 11:51:19 CEST.
Flavor | Version | Tinstall | Tcheck | Ttotal | Status | Flags |
---|---|---|---|---|---|---|
r-devel-linux-x86_64-debian-clang | 0.3 | 2.70 | 27.30 | 30.00 | NOTE | |
r-devel-linux-x86_64-debian-gcc | 0.3 | 1.94 | 20.99 | 22.93 | NOTE | |
r-devel-linux-x86_64-fedora-clang | 0.3 | 38.10 | NOTE | |||
r-devel-linux-x86_64-fedora-gcc | 0.3 | 35.92 | NOTE | |||
r-devel-windows-x86_64 | 0.3 | 3.00 | 45.00 | 48.00 | NOTE | |
r-patched-linux-x86_64 | 0.3 | 3.49 | 25.69 | 29.18 | NOTE | |
r-release-linux-x86_64 | 0.3 | 2.70 | 26.43 | 29.13 | NOTE | |
r-release-macos-arm64 | 0.3 | 16.00 | NOTE | |||
r-release-windows-x86_64 | 0.3 | 3.00 | 44.00 | 47.00 | NOTE | |
r-oldrel-macos-arm64 | 0.3 | 18.00 | OK | |||
r-oldrel-macos-x86_64 | 0.3 | 21.00 | OK | |||
r-oldrel-windows-x86_64 | 0.3 | 5.00 | 46.00 | 51.00 | OK |
Version: 0.3
Check: Rd files
Result: NOTE
checkRd: (-1) emplikAUC-internal.Rd:23: Lost braces; missing escapes or markup?
23 | {u0} is {a vector of probabilities, length m, for the first (X) sample.}
| ^
checkRd: (-1) emplikAUC-internal.Rd:23: Lost braces; missing escapes or markup?
23 | {u0} is {a vector of probabilities, length m, for the first (X) sample.}
| ^
checkRd: (-1) emplikAUC-internal.Rd:25: Lost braces; missing escapes or markup?
25 | {v0} is {a vector of propabilities, length n, for the second (Y) sample.}
| ^
checkRd: (-1) emplikAUC-internal.Rd:25: Lost braces; missing escapes or markup?
25 | {v0} is {a vector of propabilities, length n, for the second (Y) sample.}
| ^
checkRd: (-1) emplikAUC-internal.Rd:27: Lost braces; missing escapes or markup?
27 | {indicmat} is {a Matrix (size m by n) of indicator function values: I[X[i] < Y[j]].
| ^
checkRd: (-1) emplikAUC-internal.Rd:27-28: Lost braces
27 | {indicmat} is {a Matrix (size m by n) of indicator function values: I[X[i] < Y[j]].
| ^
checkRd: (-1) emplikAUC-internal.Rd:30: Lost braces; missing escapes or markup?
30 | {tol.H0} is {The error bound for (checking) if satisfy \eqn{H_0}, must > 0.}
| ^
checkRd: (-1) emplikAUC-internal.Rd:30: Lost braces
30 | {tol.H0} is {The error bound for (checking) if satisfy \eqn{H_0}, must > 0.}
| ^
checkRd: (-1) emplikAUC-internal.Rd:38: Lost braces; missing escapes or markup?
38 | {u}, which is {the new u vector.}
| ^
checkRd: (-1) emplikAUC-internal.Rd:38: Lost braces; missing escapes or markup?
38 | {u}, which is {the new u vector.}
| ^
checkRd: (-1) emplikAUC-internal.Rd:40: Lost braces; missing escapes or markup?
40 | {v}, which is {the new v vector.}
| ^
checkRd: (-1) emplikAUC-internal.Rd:40: Lost braces; missing escapes or markup?
40 | {v}, which is {the new v vector.}
| ^
checkRd: (-1) emplikAUC-internal.Rd:42: Lost braces; missing escapes or markup?
42 | {lam}, which is {The solution lambda.}
| ^
checkRd: (-1) emplikAUC-internal.Rd:42: Lost braces; missing escapes or markup?
42 | {lam}, which is {The solution lambda.}
| ^
Flavors: r-devel-linux-x86_64-debian-clang, r-devel-linux-x86_64-debian-gcc, r-devel-linux-x86_64-fedora-clang, r-devel-linux-x86_64-fedora-gcc, r-devel-windows-x86_64, r-patched-linux-x86_64, r-release-linux-x86_64, r-release-macos-arm64, r-release-windows-x86_64
These binaries (installable software) and packages are in development.
They may not be fully stable and should be used with caution. We make no claims about them.
Health stats visible at Monitor.