Last updated on 2025-10-31 03:50:02 CET.
| Flavor | Version | Tinstall | Tcheck | Ttotal | Status | Flags | 
|---|---|---|---|---|---|---|
| r-devel-linux-x86_64-debian-clang | 0.3-3 | 2.83 | 17.87 | 20.70 | NOTE | |
| r-devel-linux-x86_64-debian-gcc | 0.3-3 | 2.45 | 14.83 | 17.28 | NOTE | |
| r-devel-linux-x86_64-fedora-clang | 0.3-3 | 30.27 | NOTE | |||
| r-devel-linux-x86_64-fedora-gcc | 0.3-3 | 29.23 | NOTE | |||
| r-devel-windows-x86_64 | 0.3-3 | 6.00 | 35.00 | 41.00 | OK | |
| r-patched-linux-x86_64 | 0.3-3 | 2.58 | 16.78 | 19.36 | NOTE | |
| r-release-linux-x86_64 | 0.3-3 | 2.90 | 16.80 | 19.70 | NOTE | |
| r-release-macos-arm64 | 0.3-3 | 2.00 | 12.00 | 14.00 | NOTE | |
| r-release-macos-x86_64 | 0.3-3 | 4.00 | 22.00 | 26.00 | NOTE | |
| r-release-windows-x86_64 | 0.3-3 | 5.00 | 43.00 | 48.00 | OK | |
| r-oldrel-macos-arm64 | 0.3-3 | 2.00 | 17.00 | 19.00 | NOTE | |
| r-oldrel-macos-x86_64 | 0.3-3 | 3.00 | 18.00 | 21.00 | NOTE | |
| r-oldrel-windows-x86_64 | 0.3-3 | 5.00 | 35.00 | 40.00 | OK | 
Version: 0.3-3
Check: CRAN incoming feasibility
Result: NOTE
  Maintainer: ‘Simon Urbanek <simon.urbanek@r-project.org>’
  
  No Authors@R field in DESCRIPTION.
  Please add one, modifying
    Authors@R: c(person(given = "Simon",
                        family = "Urbanek",
                        role = c("aut", "cre"),
                        email = "urbanek@research.att.com"),
                 person(given = "Yossi",
                        family = "Rubner",
                        role = "aut"))
  as necessary.
Flavors: r-devel-linux-x86_64-debian-clang, r-devel-linux-x86_64-debian-gcc
Version: 0.3-3
Check: DESCRIPTION meta-information
Result: NOTE
  License stub is invalid DCF.
Flavors: r-devel-linux-x86_64-debian-clang, r-devel-linux-x86_64-debian-gcc, r-patched-linux-x86_64, r-release-linux-x86_64, r-release-macos-arm64, r-release-macos-x86_64, r-oldrel-macos-arm64, r-oldrel-macos-x86_64
Version: 0.3-3
Check: DESCRIPTION meta-information
Result: NOTE
  Licence stub is invalid DCF.
Flavors: r-devel-linux-x86_64-fedora-clang, r-devel-linux-x86_64-fedora-gcc
These binaries (installable software) and packages are in development.
They may not be fully stable and should be used with caution. We make no claims about them.
Health stats visible at Monitor.