Last updated on 2024-05-02 06:11:47 CEST.
Flavor | Version | Tinstall | Tcheck | Ttotal | Status | Flags |
---|---|---|---|---|---|---|
r-devel-linux-x86_64-debian-clang | 0.3-3 | 3.38 | 20.13 | 23.51 | NOTE | |
r-devel-linux-x86_64-debian-gcc | 0.3-3 | 2.94 | 15.58 | 18.52 | WARN | |
r-devel-linux-x86_64-fedora-clang | 0.3-3 | 30.20 | NOTE | |||
r-devel-linux-x86_64-fedora-gcc | 0.3-3 | 28.68 | WARN | |||
r-devel-windows-x86_64 | 0.3-3 | 5.00 | 36.00 | 41.00 | OK | |
r-patched-linux-x86_64 | 0.3-3 | 2.94 | 19.58 | 22.52 | WARN | |
r-release-linux-x86_64 | 0.3-3 | 3.15 | 19.27 | 22.42 | WARN | |
r-release-macos-arm64 | 0.3-3 | 15.00 | NOTE | |||
r-release-windows-x86_64 | 0.3-3 | 5.00 | 35.00 | 40.00 | OK | |
r-oldrel-macos-arm64 | 0.3-3 | 18.00 | OK | |||
r-oldrel-macos-x86_64 | 0.3-3 | 27.00 | OK | |||
r-oldrel-windows-x86_64 | 0.3-3 | 7.00 | 34.00 | 41.00 | OK |
Version: 0.3-3
Check: DESCRIPTION meta-information
Result: NOTE
License stub is invalid DCF.
Flavors: r-devel-linux-x86_64-debian-clang, r-devel-linux-x86_64-debian-gcc, r-patched-linux-x86_64, r-release-linux-x86_64, r-release-macos-arm64
Version: 0.3-3
Check: whether package can be installed
Result: WARN
Found the following significant warnings:
emd-rubner.c:810:20: warning: ‘minI’ is used uninitialized [-Wuninitialized]
emd-rubner.c:810:26: warning: ‘minJ’ is used uninitialized [-Wuninitialized]
See ‘/home/hornik/tmp/R.check/r-devel-gcc/Work/PKGS/emdist.Rcheck/00install.out’ for details.
* used C compiler: ‘gcc-13 (Debian 13.2.0-23) 13.2.0’
Flavor: r-devel-linux-x86_64-debian-gcc
Version: 0.3-3
Check: DESCRIPTION meta-information
Result: NOTE
Licence stub is invalid DCF.
Flavors: r-devel-linux-x86_64-fedora-clang, r-devel-linux-x86_64-fedora-gcc
Version: 0.3-3
Check: whether package can be installed
Result: WARN
Found the following significant warnings:
emd-rubner.c:810:20: warning: 'minI' is used uninitialized [-Wuninitialized]
emd-rubner.c:810:26: warning: 'minJ' is used uninitialized [-Wuninitialized]
See ‘/data/gannet/ripley/R/packages/tests-devel/emdist.Rcheck/00install.out’ for details.
* used C compiler: ‘gcc-13 (GCC) 13.2.0’
Flavor: r-devel-linux-x86_64-fedora-gcc
Version: 0.3-3
Check: whether package can be installed
Result: WARN
Found the following significant warnings:
emd-rubner.c:810:20: warning: ‘minI’ is used uninitialized [-Wuninitialized]
emd-rubner.c:810:26: warning: ‘minJ’ is used uninitialized [-Wuninitialized]
See ‘/home/hornik/tmp/R.check/r-patched-gcc/Work/PKGS/emdist.Rcheck/00install.out’ for details.
* used C compiler: ‘gcc-13 (Debian 13.2.0-13) 13.2.0’
Flavor: r-patched-linux-x86_64
Version: 0.3-3
Check: whether package can be installed
Result: WARN
Found the following significant warnings:
emd-rubner.c:810:20: warning: ‘minI’ is used uninitialized [-Wuninitialized]
emd-rubner.c:810:26: warning: ‘minJ’ is used uninitialized [-Wuninitialized]
See ‘/home/hornik/tmp/R.check/r-release-gcc/Work/PKGS/emdist.Rcheck/00install.out’ for details.
* used C compiler: ‘gcc-13 (Debian 13.2.0-23) 13.2.0’
Flavor: r-release-linux-x86_64
These binaries (installable software) and packages are in development.
They may not be fully stable and should be used with caution. We make no claims about them.
Health stats visible at Monitor.