Last updated on 2025-02-23 19:51:04 CET.
Flavor | Version | Tinstall | Tcheck | Ttotal | Status | Flags |
---|---|---|---|---|---|---|
r-devel-linux-x86_64-debian-clang | 1.0.0 | 58.01 | 297.29 | 355.30 | NOTE | |
r-devel-linux-x86_64-debian-gcc | 1.0.0 | 40.55 | 208.11 | 248.66 | NOTE | |
r-devel-linux-x86_64-fedora-clang | 1.0.0 | 490.36 | NOTE | |||
r-devel-linux-x86_64-fedora-gcc | 1.0.0 | 555.11 | NOTE | |||
r-devel-macos-arm64 | 1.0.0 | 103.00 | NOTE | |||
r-devel-macos-x86_64 | 1.0.0 | 217.00 | NOTE | |||
r-devel-windows-x86_64 | 1.0.0 | 61.00 | 272.00 | 333.00 | NOTE | |
r-patched-linux-x86_64 | 1.0.0 | 54.41 | 366.59 | 421.00 | NOTE | |
r-release-linux-x86_64 | 1.0.0 | 57.40 | 354.82 | 412.22 | NOTE | |
r-release-macos-arm64 | 1.0.0 | 98.00 | NOTE | |||
r-release-macos-x86_64 | 1.0.0 | 169.00 | NOTE | |||
r-release-windows-x86_64 | 1.0.0 | 63.00 | 273.00 | 336.00 | NOTE | |
r-oldrel-macos-arm64 | 1.0.0 | 132.00 | NOTE | |||
r-oldrel-macos-x86_64 | 1.0.0 | 215.00 | NOTE | |||
r-oldrel-windows-x86_64 | 1.0.0 | 74.00 | 282.00 | 356.00 | NOTE |
Version: 1.0.0
Check: C++ specification
Result: NOTE
Specified C++11: please drop specification unless essential
Flavors: r-devel-linux-x86_64-debian-clang, r-devel-linux-x86_64-debian-gcc, r-devel-linux-x86_64-fedora-clang, r-devel-linux-x86_64-fedora-gcc, r-devel-macos-arm64, r-devel-macos-x86_64, r-devel-windows-x86_64, r-patched-linux-x86_64, r-release-linux-x86_64, r-release-macos-arm64, r-release-macos-x86_64, r-release-windows-x86_64, r-oldrel-macos-arm64, r-oldrel-macos-x86_64, r-oldrel-windows-x86_64
Version: 1.0.0
Check: Rd files
Result: NOTE
checkRd: (-1) em.Rd:25: Lost braces
25 | \code{terms} the code{terms} object used.
| ^
checkRd: (-1) em.clogit.Rd:65: Lost braces
65 | \code{terms} the code{terms} object used.
| ^
checkRd: (-1) em.default.Rd:65: Lost braces
65 | \code{terms} the code{terms} object used.
| ^
checkRd: (-1) em.fitdist.Rd:49: Lost braces
49 | \code{terms} the code{terms} object used.
| ^
checkRd: (-1) em.glmerMod.Rd:50: Lost braces
50 | \code{terms} the code{terms} object used.
| ^
checkRd: (-1) em.panelmodel.Rd:49: Lost braces
49 | \code{terms} the code{terms} object used.
| ^
Flavors: r-devel-linux-x86_64-debian-clang, r-devel-linux-x86_64-debian-gcc, r-devel-linux-x86_64-fedora-clang, r-devel-linux-x86_64-fedora-gcc, r-devel-macos-arm64, r-devel-macos-x86_64, r-devel-windows-x86_64, r-patched-linux-x86_64, r-release-linux-x86_64, r-release-macos-arm64, r-release-macos-x86_64, r-release-windows-x86_64
These binaries (installable software) and packages are in development.
They may not be fully stable and should be used with caution. We make no claims about them.
Health stats visible at Monitor.