Last updated on 2025-05-03 22:49:52 CEST.
Flavor | Version | Tinstall | Tcheck | Ttotal | Status | Flags |
---|---|---|---|---|---|---|
r-devel-linux-x86_64-debian-clang | 1.0.4 | 22.17 | 33.16 | 55.33 | NOTE | |
r-devel-linux-x86_64-debian-gcc | 1.0.4 | 17.58 | 25.41 | 42.99 | NOTE | |
r-devel-linux-x86_64-fedora-clang | 1.0.4 | 97.63 | NOTE | |||
r-devel-linux-x86_64-fedora-gcc | 1.0.4 | 121.21 | NOTE | |||
r-devel-windows-x86_64 | 1.0.4 | 31.00 | 71.00 | 102.00 | NOTE | |
r-patched-linux-x86_64 | 1.0.4 | 25.71 | 29.77 | 55.48 | NOTE | |
r-release-linux-x86_64 | NOTE | |||||
r-release-macos-arm64 | 1.0.4 | 36.00 | NOTE | |||
r-release-macos-x86_64 | 1.0.4 | 64.00 | NOTE | |||
r-release-windows-x86_64 | 1.0.4 | 29.00 | 70.00 | 99.00 | NOTE | |
r-oldrel-macos-arm64 | 1.0.4 | 35.00 | NOTE | |||
r-oldrel-macos-x86_64 | 1.0.4 | 49.00 | NOTE | |||
r-oldrel-windows-x86_64 | 1.0.4 | 36.00 | 86.00 | 122.00 | NOTE |
Version: 1.0.4
Check: C++ specification
Result: NOTE
Specified C++11: please drop specification unless essential
Flavors: r-devel-linux-x86_64-debian-clang, r-devel-linux-x86_64-debian-gcc, r-devel-linux-x86_64-fedora-clang, r-devel-linux-x86_64-fedora-gcc, r-devel-windows-x86_64, r-patched-linux-x86_64, r-release-linux-x86_64, r-release-macos-arm64, r-release-macos-x86_64, r-release-windows-x86_64, r-oldrel-macos-arm64, r-oldrel-macos-x86_64, r-oldrel-windows-x86_64
Version: 1.0.4
Check: DESCRIPTION meta-information
Result: NOTE
Author field differs from that derived from Authors@R
Author: ‘Lampros Mouselimis [aut, cre] (<https://orcid.org/0000-0002-8024-1546>), Alberto Gosso [aut], Edwin de Jonge [ctb] (<https://orcid.org/0000-0002-6580-4718>, Github Contributor)’
Authors@R: ‘Lampros Mouselimis [aut, cre] (ORCID: <https://orcid.org/0000-0002-8024-1546>), Alberto Gosso [aut], Edwin de Jonge [ctb] (ORCID: <https://orcid.org/0000-0002-6580-4718>, Github: Github Contributor)’
Flavors: r-devel-linux-x86_64-debian-clang, r-devel-linux-x86_64-debian-gcc
These binaries (installable software) and packages are in development.
They may not be fully stable and should be used with caution. We make no claims about them.
Health stats visible at Monitor.