Last updated on 2025-05-15 09:52:14 CEST.
Flavor | Version | Tinstall | Tcheck | Ttotal | Status | Flags |
---|---|---|---|---|---|---|
r-devel-linux-x86_64-debian-clang | 1.0 | 1.47 | 16.13 | 17.60 | NOTE | |
r-devel-linux-x86_64-debian-gcc | 1.0 | 1.25 | 13.35 | 14.60 | NOTE | |
r-devel-linux-x86_64-fedora-clang | 1.0 | 27.23 | OK | |||
r-devel-linux-x86_64-fedora-gcc | 1.0 | 26.66 | OK | |||
r-devel-windows-x86_64 | 1.0 | 2.00 | 37.00 | 39.00 | OK | |
r-patched-linux-x86_64 | 1.0 | 1.44 | 15.20 | 16.64 | OK | |
r-release-linux-x86_64 | 1.0 | 1.42 | 15.12 | 16.54 | OK | |
r-release-macos-arm64 | 1.0 | 16.00 | OK | |||
r-release-macos-x86_64 | 1.0 | 30.00 | OK | |||
r-release-windows-x86_64 | 1.0 | 3.00 | 40.00 | 43.00 | OK | |
r-oldrel-macos-arm64 | 1.0 | 16.00 | OK | |||
r-oldrel-macos-x86_64 | 1.0 | 20.00 | OK | |||
r-oldrel-windows-x86_64 | 1.0 | 3.00 | 36.00 | 39.00 | OK |
Version: 1.0
Check: CRAN incoming feasibility
Result: NOTE
Maintainer: ‘Geoff Hing <geoffhing@gmail.com>’
No Authors@R field in DESCRIPTION.
Please add one, modifying
Authors@R: person(given = "Geoff",
family = "Hing",
role = c("aut", "cre"),
email = "geoffhing@gmail.com")
as necessary.
The Description field contains
(https://github.com/newsdev/elex/), a Python package and command line
Please enclose URLs in angle brackets (<...>).
Flavors: r-devel-linux-x86_64-debian-clang, r-devel-linux-x86_64-debian-gcc
These binaries (installable software) and packages are in development.
They may not be fully stable and should be used with caution. We make no claims about them.
Health stats visible at Monitor.