Last updated on 2025-02-23 15:49:41 CET.
Flavor | Version | Tinstall | Tcheck | Ttotal | Status | Flags |
---|---|---|---|---|---|---|
r-devel-linux-x86_64-debian-clang | 1.2 | 8.27 | 72.37 | 80.64 | NOTE | |
r-devel-linux-x86_64-debian-gcc | 1.2 | 6.26 | 50.87 | 57.13 | NOTE | |
r-devel-linux-x86_64-fedora-clang | 1.2 | 129.23 | NOTE | |||
r-devel-linux-x86_64-fedora-gcc | 1.2 | 122.09 | NOTE | |||
r-devel-macos-arm64 | 1.2 | 37.00 | NOTE | |||
r-devel-macos-x86_64 | 1.2 | 72.00 | NOTE | |||
r-devel-windows-x86_64 | 1.2 | 10.00 | 81.00 | 91.00 | NOTE | |
r-patched-linux-x86_64 | 1.2 | 7.81 | 67.20 | 75.01 | NOTE | |
r-release-linux-x86_64 | 1.2 | 7.70 | 66.44 | 74.14 | NOTE | |
r-release-macos-arm64 | 1.2 | 29.00 | NOTE | |||
r-release-macos-x86_64 | 1.2 | 44.00 | NOTE | |||
r-release-windows-x86_64 | 1.2 | 9.00 | 80.00 | 89.00 | NOTE | |
r-oldrel-macos-arm64 | 1.2 | 34.00 | OK | |||
r-oldrel-macos-x86_64 | 1.2 | 53.00 | OK | |||
r-oldrel-windows-x86_64 | 1.2 | 12.00 | 93.00 | 105.00 | OK |
Version: 1.2
Check: Rd files
Result: NOTE
checkRd: (-1) electData.Rd:16: Lost braces; missing escapes or markup?
16 | Variables: \code{id} = {identification number},
| ^
checkRd: (-1) electData.Rd:17: Lost braces; missing escapes or markup?
17 | \code{state} = {state}, \code{age} = age in years on a shifted scale (current age minus 70),
| ^
checkRd: (-1) summary.elect.Rd:25: Lost braces; missing escapes or markup?
25 | TRUE for output on start-state totals e_{r.} (for \code{S}>0)
| ^
Flavors: r-devel-linux-x86_64-debian-clang, r-devel-linux-x86_64-debian-gcc, r-devel-linux-x86_64-fedora-clang, r-devel-linux-x86_64-fedora-gcc, r-devel-macos-arm64, r-devel-macos-x86_64, r-devel-windows-x86_64, r-patched-linux-x86_64, r-release-linux-x86_64, r-release-macos-arm64, r-release-macos-x86_64, r-release-windows-x86_64
These binaries (installable software) and packages are in development.
They may not be fully stable and should be used with caution. We make no claims about them.
Health stats visible at Monitor.