Last updated on 2025-05-17 17:49:19 CEST.
Flavor | Version | Tinstall | Tcheck | Ttotal | Status | Flags |
---|---|---|---|---|---|---|
r-devel-linux-x86_64-debian-clang | 1.2 | 8.59 | 71.43 | 80.02 | NOTE | |
r-devel-linux-x86_64-debian-gcc | 1.2 | 6.54 | 51.86 | 58.40 | NOTE | |
r-devel-linux-x86_64-fedora-clang | 1.2 | 125.68 | NOTE | |||
r-devel-linux-x86_64-fedora-gcc | 1.2 | 125.62 | NOTE | |||
r-devel-windows-x86_64 | 1.2 | 10.00 | 82.00 | 92.00 | NOTE | |
r-patched-linux-x86_64 | 1.2 | 7.95 | 69.12 | 77.07 | NOTE | |
r-release-linux-x86_64 | 1.2 | 8.59 | 68.48 | 77.07 | NOTE | |
r-release-macos-arm64 | 1.2 | 41.00 | NOTE | |||
r-release-macos-x86_64 | 1.2 | 80.00 | NOTE | |||
r-release-windows-x86_64 | 1.2 | 10.00 | 83.00 | 93.00 | NOTE | |
r-oldrel-macos-arm64 | 1.2 | 29.00 | NOTE | |||
r-oldrel-macos-x86_64 | 1.2 | 44.00 | NOTE | |||
r-oldrel-windows-x86_64 | 1.2 | 12.00 | 100.00 | 112.00 | NOTE |
Version: 1.2
Check: CRAN incoming feasibility
Result: NOTE
Maintainer: ‘Ardo van den Hout <Ardo.vandenHout@ucl.ac.uk>’
No Authors@R field in DESCRIPTION.
Please add one, modifying
Authors@R: c(person(given = "Ardo",
family = "van den Hout",
role = c("aut", "cre"),
email = "ardo.vandenhout@ucl.ac.uk"),
person(given = c("Mei", "Sum"),
family = "Chan",
role = "aut"))
as necessary.
Flavors: r-devel-linux-x86_64-debian-clang, r-devel-linux-x86_64-debian-gcc
Version: 1.2
Check: Rd files
Result: NOTE
checkRd: (-1) electData.Rd:16: Lost braces; missing escapes or markup?
16 | Variables: \code{id} = {identification number},
| ^
checkRd: (-1) electData.Rd:17: Lost braces; missing escapes or markup?
17 | \code{state} = {state}, \code{age} = age in years on a shifted scale (current age minus 70),
| ^
checkRd: (-1) summary.elect.Rd:25: Lost braces; missing escapes or markup?
25 | TRUE for output on start-state totals e_{r.} (for \code{S}>0)
| ^
Flavors: r-devel-linux-x86_64-debian-clang, r-devel-linux-x86_64-debian-gcc, r-devel-linux-x86_64-fedora-clang, r-devel-linux-x86_64-fedora-gcc, r-devel-windows-x86_64, r-patched-linux-x86_64, r-release-linux-x86_64, r-release-macos-arm64, r-release-macos-x86_64, r-release-windows-x86_64, r-oldrel-macos-arm64, r-oldrel-macos-x86_64, r-oldrel-windows-x86_64
These binaries (installable software) and packages are in development.
They may not be fully stable and should be used with caution. We make no claims about them.
Health stats visible at Monitor.