Last updated on 2025-02-23 15:49:41 CET.
Flavor | Version | Tinstall | Tcheck | Ttotal | Status | Flags |
---|---|---|---|---|---|---|
r-devel-linux-x86_64-debian-clang | 1.2.0 | 6.32 | 42.18 | 48.50 | NOTE | |
r-devel-linux-x86_64-debian-gcc | 1.2.0 | 3.64 | 29.87 | 33.51 | NOTE | |
r-devel-linux-x86_64-fedora-clang | 1.2.0 | 77.30 | NOTE | |||
r-devel-linux-x86_64-fedora-gcc | 1.2.0 | 73.95 | NOTE | |||
r-devel-macos-arm64 | 1.2.0 | 24.00 | NOTE | |||
r-devel-macos-x86_64 | 1.2.0 | 42.00 | NOTE | |||
r-devel-windows-x86_64 | 1.2.0 | 7.00 | 74.00 | 81.00 | NOTE | |
r-patched-linux-x86_64 | 1.2.0 | 8.74 | 39.45 | 48.19 | NOTE | |
r-release-linux-x86_64 | 1.2.0 | 5.05 | 39.54 | 44.59 | NOTE | |
r-release-macos-arm64 | 1.2.0 | 24.00 | NOTE | |||
r-release-macos-x86_64 | 1.2.0 | 35.00 | NOTE | |||
r-release-windows-x86_64 | 1.2.0 | 8.00 | 71.00 | 79.00 | NOTE | |
r-oldrel-macos-arm64 | 1.2.0 | 28.00 | OK | |||
r-oldrel-macos-x86_64 | 1.2.0 | 36.00 | OK | |||
r-oldrel-windows-x86_64 | 1.2.0 | 10.00 | 81.00 | 91.00 | OK |
Version: 1.2.0
Check: Rd files
Result: NOTE
checkRd: (-1) docs_delete_by_query.Rd:47: Lost braces; missing escapes or markup?
47 | as a document at .tasks/task/${taskId}. This is yours to keep or remove
| ^
checkRd: (-1) docs_update_by_query.Rd:48: Lost braces; missing escapes or markup?
48 | as a document at .tasks/task/${taskId}. This is yours to keep or remove
| ^
Flavors: r-devel-linux-x86_64-debian-clang, r-devel-linux-x86_64-debian-gcc, r-devel-linux-x86_64-fedora-clang, r-devel-linux-x86_64-fedora-gcc, r-devel-macos-arm64, r-devel-macos-x86_64, r-devel-windows-x86_64, r-patched-linux-x86_64, r-release-linux-x86_64, r-release-macos-arm64, r-release-macos-x86_64, r-release-windows-x86_64
These binaries (installable software) and packages are in development.
They may not be fully stable and should be used with caution. We make no claims about them.
Health stats visible at Monitor.