Last updated on 2025-10-31 09:50:16 CET.
| Flavor | Version | Tinstall | Tcheck | Ttotal | Status | Flags | 
|---|---|---|---|---|---|---|
| r-devel-linux-x86_64-debian-clang | 0.1.7 | 13.60 | 156.11 | 169.71 | NOTE | |
| r-devel-linux-x86_64-debian-gcc | 0.1.7 | 9.31 | 112.38 | 121.69 | NOTE | |
| r-devel-linux-x86_64-fedora-clang | 0.1.7 | 29.00 | 233.42 | 262.42 | NOTE | |
| r-devel-linux-x86_64-fedora-gcc | 0.1.7 | 78.00 | 204.47 | 282.47 | NOTE | |
| r-devel-windows-x86_64 | 0.1.7 | 15.00 | 148.00 | 163.00 | NOTE | |
| r-patched-linux-x86_64 | 0.1.7 | 10.84 | 147.84 | 158.68 | NOTE | |
| r-release-linux-x86_64 | 0.1.7 | 11.78 | 146.85 | 158.63 | NOTE | |
| r-release-macos-arm64 | 0.1.7 | 6.00 | 70.00 | 76.00 | NOTE | |
| r-release-macos-x86_64 | 0.1.7 | 10.00 | 125.00 | 135.00 | NOTE | |
| r-release-windows-x86_64 | 0.1.7 | 15.00 | 148.00 | 163.00 | NOTE | |
| r-oldrel-macos-arm64 | 0.1.7 | 6.00 | 68.00 | 74.00 | NOTE | |
| r-oldrel-macos-x86_64 | 0.1.7 | 8.00 | 96.00 | 104.00 | NOTE | |
| r-oldrel-windows-x86_64 | 0.1.7 | 21.00 | 195.00 | 216.00 | NOTE | 
Version: 0.1.7
Check: CRAN incoming feasibility
Result: NOTE
  Maintainer: ‘Manuel Pfeuffer <manuel.pfeuffer@hu-berlin.de>’
  
  The Description field contains
    <doi:10.1111/biom.13706>. See Stöcker et. al. (2022) <arXiv:2203.10522>
  Please refer to arXiv e-prints via their arXiv DOI <doi:10.48550/arXiv.YYMM.NNNNN>.
Flavors: r-devel-linux-x86_64-debian-clang, r-devel-linux-x86_64-debian-gcc
Version: 0.1.7
Check: Rd files
Result: NOTE
  checkRd: (-1) fit_mean.Rd:54: Lost braces
      54 | \code{t_optims}{optimal parametrizations}
         |                ^
  checkRd: (-1) fit_mean.Rd:55: Lost braces
      55 | \code{G_optims}{optimal rotations}
         |                ^
  checkRd: (-1) fit_mean.Rd:56: Lost braces
      56 | \code{b_optims}{optimal scalings}
         |                ^
  checkRd: (-1) fit_mean.Rd:57: Lost braces
      57 | \code{n_optims}{optimal re-normalization}
         |                ^
  checkRd: (-1) fit_mean.Rd:58: Lost braces
      58 | \code{n_iter}{number of iterations until convergence}
         |              ^
Flavors: r-devel-linux-x86_64-debian-clang, r-devel-linux-x86_64-debian-gcc, r-devel-linux-x86_64-fedora-clang, r-devel-linux-x86_64-fedora-gcc, r-devel-windows-x86_64, r-patched-linux-x86_64, r-release-linux-x86_64, r-release-macos-arm64, r-release-macos-x86_64, r-release-windows-x86_64, r-oldrel-macos-arm64, r-oldrel-macos-x86_64, r-oldrel-windows-x86_64
These binaries (installable software) and packages are in development.
They may not be fully stable and should be used with caution. We make no claims about them.
Health stats visible at Monitor.