Last updated on 2025-02-23 15:49:41 CET.
Flavor | Version | Tinstall | Tcheck | Ttotal | Status | Flags |
---|---|---|---|---|---|---|
r-devel-linux-x86_64-debian-clang | 0.1.7 | 12.71 | 137.75 | 150.46 | NOTE | |
r-devel-linux-x86_64-debian-gcc | 0.1.7 | 8.96 | 94.25 | 103.21 | NOTE | |
r-devel-linux-x86_64-fedora-clang | 0.1.7 | 241.07 | NOTE | |||
r-devel-linux-x86_64-fedora-gcc | 0.1.7 | 245.77 | NOTE | |||
r-devel-macos-arm64 | 0.1.7 | 78.00 | NOTE | |||
r-devel-macos-x86_64 | 0.1.7 | 135.00 | NOTE | |||
r-devel-windows-x86_64 | 0.1.7 | 14.00 | 132.00 | 146.00 | NOTE | |
r-patched-linux-x86_64 | 0.1.7 | 11.94 | 130.54 | 142.48 | NOTE | |
r-release-linux-x86_64 | 0.1.7 | 11.41 | 129.77 | 141.18 | NOTE | |
r-release-macos-arm64 | 0.1.7 | 74.00 | NOTE | |||
r-release-macos-x86_64 | 0.1.7 | 104.00 | NOTE | |||
r-release-windows-x86_64 | 0.1.7 | 14.00 | 132.00 | 146.00 | NOTE | |
r-oldrel-macos-arm64 | 0.1.7 | 80.00 | OK | |||
r-oldrel-macos-x86_64 | 0.1.7 | 143.00 | OK | |||
r-oldrel-windows-x86_64 | 0.1.7 | 17.00 | 167.00 | 184.00 | OK |
Version: 0.1.7
Check: Rd files
Result: NOTE
checkRd: (-1) fit_mean.Rd:54: Lost braces
54 | \code{t_optims}{optimal parametrizations}
| ^
checkRd: (-1) fit_mean.Rd:55: Lost braces
55 | \code{G_optims}{optimal rotations}
| ^
checkRd: (-1) fit_mean.Rd:56: Lost braces
56 | \code{b_optims}{optimal scalings}
| ^
checkRd: (-1) fit_mean.Rd:57: Lost braces
57 | \code{n_optims}{optimal re-normalization}
| ^
checkRd: (-1) fit_mean.Rd:58: Lost braces
58 | \code{n_iter}{number of iterations until convergence}
| ^
Flavors: r-devel-linux-x86_64-debian-clang, r-devel-linux-x86_64-debian-gcc, r-devel-linux-x86_64-fedora-clang, r-devel-linux-x86_64-fedora-gcc, r-devel-macos-arm64, r-devel-macos-x86_64, r-devel-windows-x86_64, r-patched-linux-x86_64, r-release-linux-x86_64, r-release-macos-arm64, r-release-macos-x86_64, r-release-windows-x86_64
These binaries (installable software) and packages are in development.
They may not be fully stable and should be used with caution. We make no claims about them.
Health stats visible at Monitor.