Last updated on 2025-05-15 09:52:14 CEST.
Flavor | Version | Tinstall | Tcheck | Ttotal | Status | Flags |
---|---|---|---|---|---|---|
r-devel-linux-x86_64-debian-clang | 0.1.1 | 3.20 | 58.55 | 61.75 | NOTE | |
r-devel-linux-x86_64-debian-gcc | 0.1.1 | 2.30 | 45.39 | 47.69 | NOTE | |
r-devel-linux-x86_64-fedora-clang | 0.1.1 | 91.24 | OK | |||
r-devel-linux-x86_64-fedora-gcc | 0.1.1 | 106.75 | OK | |||
r-devel-windows-x86_64 | 0.1.1 | 4.00 | 71.00 | 75.00 | OK | |
r-patched-linux-x86_64 | 0.1.1 | 2.72 | 56.83 | 59.55 | OK | |
r-release-linux-x86_64 | 0.1.1 | 3.03 | 56.96 | 59.99 | OK | |
r-release-macos-arm64 | 0.1.1 | 57.00 | OK | |||
r-release-macos-x86_64 | 0.1.1 | 90.00 | OK | |||
r-release-windows-x86_64 | 0.1.1 | 5.00 | 71.00 | 76.00 | OK | |
r-oldrel-macos-arm64 | 0.1.1 | 36.00 | OK | |||
r-oldrel-macos-x86_64 | 0.1.1 | 79.00 | OK | |||
r-oldrel-windows-x86_64 | 0.1.1 | 6.00 | 80.00 | 86.00 | OK |
Version: 0.1.1
Check: CRAN incoming feasibility
Result: NOTE
Maintainer: ‘Wayne Oldford <rwoldford@uwaterloo.ca>’
Found the following (possibly) invalid file URI:
URI: introduction.html
From: inst/doc/IndependenceExploration.html
Flavors: r-devel-linux-x86_64-debian-clang, r-devel-linux-x86_64-debian-gcc
These binaries (installable software) and packages are in development.
They may not be fully stable and should be used with caution. We make no claims about them.
Health stats visible at Monitor.