CRAN Package Check Results for Package ecpc

Last updated on 2025-05-03 22:49:52 CEST.

Flavor Version Tinstall Tcheck Ttotal Status Flags
r-devel-linux-x86_64-debian-clang 3.1.1 17.50 143.59 161.09 NOTE
r-devel-linux-x86_64-debian-gcc 3.1.1 11.73 97.99 109.72 NOTE
r-devel-linux-x86_64-fedora-clang 3.1.1 277.97 OK
r-devel-linux-x86_64-fedora-gcc 3.1.1 257.16 OK
r-devel-windows-x86_64 3.1.1 18.00 136.00 154.00 NOTE
r-patched-linux-x86_64 3.1.1 17.41 135.69 153.10 NOTE
r-release-linux-x86_64 NOTE
r-release-macos-arm64 3.1.1 63.00 OK
r-release-macos-x86_64 3.1.1 114.00 OK
r-release-windows-x86_64 3.1.1 18.00 134.00 152.00 NOTE
r-oldrel-macos-arm64 3.1.1 54.00 OK
r-oldrel-macos-x86_64 3.1.1 97.00 OK
r-oldrel-windows-x86_64 3.1.1 25.00 181.00 206.00 OK

Check Details

Version: 3.1.1
Check: CRAN incoming feasibility
Result: NOTE Maintainer: ‘Mirrelijn M. van Nee <m.vannee@amsterdamumc.nl>’ The Description field contains <arXiv:2005.04010>. Please refer to arXiv e-prints via their arXiv DOI <doi:10.48550/arXiv.YYMM.NNNNN>. Flavors: r-devel-linux-x86_64-debian-clang, r-devel-linux-x86_64-debian-gcc

Version: 3.1.1
Check: Rd cross-references
Result: NOTE Found the following Rd file(s) with Rd \link{} targets missing package anchors: coef.ecpc.Rd: Surv cv.ecpc.Rd: Surv ecpc.Rd: Surv postSelect.Rd: Surv predict.ecpc.Rd: Surv Please provide package anchors for all Rd \link{} targets not in the package itself and the base packages. Flavors: r-devel-linux-x86_64-debian-clang, r-devel-linux-x86_64-debian-gcc, r-devel-windows-x86_64, r-patched-linux-x86_64, r-release-linux-x86_64, r-release-windows-x86_64

These binaries (installable software) and packages are in development.
They may not be fully stable and should be used with caution. We make no claims about them.
Health stats visible at Monitor.