CRAN Package Check Results for Package ecmwfr

Last updated on 2025-02-23 15:49:41 CET.

Flavor Version Tinstall Tcheck Ttotal Status Flags
r-devel-linux-x86_64-debian-clang 2.0.3 4.41 37.88 42.29 OK
r-devel-linux-x86_64-debian-gcc 2.0.3 2.96 28.96 31.92 OK
r-devel-linux-x86_64-fedora-clang 2.0.3 68.41 OK
r-devel-linux-x86_64-fedora-gcc 2.0.3 81.08 OK
r-devel-macos-arm64 2.0.3 42.00 ERROR
r-devel-macos-x86_64 2.0.3 102.00 OK
r-devel-windows-x86_64 2.0.3 6.00 77.00 83.00 OK
r-patched-linux-x86_64 2.0.3 3.47 36.11 39.58 OK
r-release-linux-x86_64 2.0.3 3.99 35.82 39.81 OK
r-release-macos-arm64 2.0.3 38.00 OK
r-release-macos-x86_64 2.0.3 103.00 OK
r-release-windows-x86_64 2.0.3 6.00 58.00 64.00 OK
r-oldrel-macos-arm64 2.0.2 42.00 OK
r-oldrel-macos-x86_64 2.0.3 65.00 OK
r-oldrel-windows-x86_64 2.0.3 7.00 65.00 72.00 OK

Check Details

Version: 2.0.3
Check: re-building of vignette outputs
Result: ERROR Error(s) in re-building vignettes: --- re-building ‘advanced_vignette.Rmd’ using rmarkdown Quitting from lines 13-25 [setup] (advanced_vignette.Rmd) Error: processing vignette 'advanced_vignette.Rmd' failed with diagnostics: there is no package called 'terra' --- failed re-building ‘advanced_vignette.Rmd’ SUMMARY: processing the following file failed: ‘advanced_vignette.Rmd’ Error: Vignette re-building failed. Execution halted Flavor: r-devel-macos-arm64

These binaries (installable software) and packages are in development.
They may not be fully stable and should be used with caution. We make no claims about them.
Health stats visible at Monitor.