CRAN Package Check Results for Package ebnm

Last updated on 2025-05-17 15:50:41 CEST.

Flavor Version Tinstall Tcheck Ttotal Status Flags
r-devel-linux-x86_64-debian-clang 1.1-2 14.77 139.55 154.32 NOTE
r-devel-linux-x86_64-debian-gcc 1.1-2 9.45 100.05 109.50 NOTE
r-devel-linux-x86_64-fedora-clang 1.1-2 245.11 OK
r-devel-linux-x86_64-fedora-gcc 1.1-2 252.39 OK
r-devel-windows-x86_64 1.1-2 16.00 153.00 169.00 OK
r-patched-linux-x86_64 1.1-2 15.81 132.56 148.37 OK
r-release-linux-x86_64 1.1-2 13.30 131.44 144.74 OK
r-release-macos-arm64 1.1-2 90.00 OK
r-release-macos-x86_64 1.1-2 150.00 OK
r-release-windows-x86_64 1.1-2 16.00 155.00 171.00 OK
r-oldrel-macos-arm64 1.1-2 66.00 OK
r-oldrel-macos-x86_64 1.1-2 122.00 OK
r-oldrel-windows-x86_64 1.1-2 20.00 191.00 211.00 OK

Check Details

Version: 1.1-2
Check: CRAN incoming feasibility
Result: NOTE Maintainer: ‘Peter Carbonetto <peter.carbonetto@gmail.com>’ The Description field contains Willwerscheid and Stephens (2021) <arXiv:2110.00152>. Please refer to arXiv e-prints via their arXiv DOI <doi:10.48550/arXiv.YYMM.NNNNN>. Flavors: r-devel-linux-x86_64-debian-clang, r-devel-linux-x86_64-debian-gcc

These binaries (installable software) and packages are in development.
They may not be fully stable and should be used with caution. We make no claims about them.
Health stats visible at Monitor.