Last updated on 2025-05-15 11:49:59 CEST.
Flavor | Version | Tinstall | Tcheck | Ttotal | Status | Flags |
---|---|---|---|---|---|---|
r-devel-linux-x86_64-debian-clang | 1.0.0 | 2.07 | 369.72 | 371.79 | NOTE | |
r-devel-linux-x86_64-debian-gcc | 1.0.0 | 1.74 | 194.63 | 196.37 | NOTE | |
r-devel-linux-x86_64-fedora-clang | 1.0.0 | 633.78 | OK | |||
r-devel-linux-x86_64-fedora-gcc | 1.0.0 | 657.97 | OK | |||
r-devel-windows-x86_64 | 1.0.0 | 3.00 | 294.00 | 297.00 | OK | |
r-patched-linux-x86_64 | 1.0.0 | 2.30 | 339.55 | 341.85 | OK | |
r-release-linux-x86_64 | 1.0.0 | 1.69 | 336.40 | 338.09 | OK | |
r-release-macos-arm64 | 1.0.0 | 122.00 | OK | |||
r-release-macos-x86_64 | 1.0.0 | 299.00 | OK | |||
r-release-windows-x86_64 | 1.0.0 | 4.00 | 292.00 | 296.00 | OK | |
r-oldrel-macos-arm64 | 1.0.0 | 111.00 | OK | |||
r-oldrel-macos-x86_64 | 1.0.0 | 207.00 | OK | |||
r-oldrel-windows-x86_64 | 1.0.0 | 3.00 | 408.00 | 411.00 | OK |
Version: 1.0.0
Check: CRAN incoming feasibility
Result: NOTE
Maintainer: ‘Michal Kolesár <kolesarmi@googlemail.com>’
The Description field contains
and Plagborg-Møller (2020) <arXiv:2004.03448>.
Please refer to arXiv e-prints via their arXiv DOI <doi:10.48550/arXiv.YYMM.NNNNN>.
Flavors: r-devel-linux-x86_64-debian-clang, r-devel-linux-x86_64-debian-gcc
These binaries (installable software) and packages are in development.
They may not be fully stable and should be used with caution. We make no claims about them.
Health stats visible at Monitor.