Last updated on 2025-07-17 19:51:37 CEST.
Flavor | Version | Tinstall | Tcheck | Ttotal | Status | Flags |
---|---|---|---|---|---|---|
r-devel-linux-x86_64-debian-clang | 1.1.3 | 5.55 | 48.14 | 53.69 | OK | |
r-devel-linux-x86_64-debian-gcc | 1.1.3 | 3.46 | 34.41 | 37.87 | OK | |
r-devel-linux-x86_64-fedora-clang | 1.1.3 | 79.40 | OK | |||
r-devel-linux-x86_64-fedora-gcc | 1.1.3 | 73.64 | OK | |||
r-devel-windows-x86_64 | 1.1.3 | 7.00 | 71.00 | 78.00 | ERROR | |
r-patched-linux-x86_64 | 1.1.3 | 5.77 | 42.89 | 48.66 | OK | |
r-release-linux-x86_64 | 1.1.3 | 5.86 | 42.89 | 48.75 | OK | |
r-release-macos-arm64 | 1.1.3 | 32.00 | OK | |||
r-release-macos-x86_64 | 1.1.3 | 65.00 | OK | |||
r-release-windows-x86_64 | 1.1.3 | 7.00 | 64.00 | 71.00 | OK | |
r-oldrel-macos-arm64 | 1.1.3 | 31.00 | OK | |||
r-oldrel-macos-x86_64 | 1.1.3 | 56.00 | OK | |||
r-oldrel-windows-x86_64 | 1.1.3 | 8.00 | 75.00 | 83.00 | OK |
Version: 1.1.3
Check: examples
Result: ERROR
Running examples in 'easycensus-Ex.R' failed
The error most likely occurred in:
> ### Name: cens_geo
> ### Title: Construct a Geography Specification for Census Data
> ### Aliases: cens_geo
>
> ### ** Examples
>
> cens_geo(state="WA")
Error in curl::curl_fetch_memory(url, handle = handle) :
Timeout was reached [api.census.gov]:
Connection timed out after 10012 milliseconds
Calls: cens_geo ... request_fetch.write_memory -> <Anonymous> -> raise_libcurl_error
Execution halted
Flavor: r-devel-windows-x86_64
These binaries (installable software) and packages are in development.
They may not be fully stable and should be used with caution. We make no claims about them.
Health stats visible at Monitor.