Last updated on 2025-02-23 15:49:41 CET.
Flavor | Version | Tinstall | Tcheck | Ttotal | Status | Flags |
---|---|---|---|---|---|---|
r-devel-linux-x86_64-debian-clang | 1.0.7 | 10.83 | 145.87 | 156.70 | NOTE | |
r-devel-linux-x86_64-debian-gcc | 1.0.7 | 8.21 | 98.15 | 106.36 | NOTE | |
r-devel-linux-x86_64-fedora-clang | 1.0.7 | 231.26 | OK | |||
r-devel-linux-x86_64-fedora-gcc | 1.0.7 | 224.80 | OK | |||
r-devel-macos-arm64 | 1.0.7 | 75.00 | OK | |||
r-devel-macos-x86_64 | 1.0.7 | 125.00 | OK | |||
r-devel-windows-x86_64 | 1.0.7 | 11.00 | 134.00 | 145.00 | NOTE | |
r-patched-linux-x86_64 | 1.0.7 | 17.93 | 120.48 | 138.41 | OK | |
r-release-linux-x86_64 | 1.0.7 | 10.34 | 121.85 | 132.19 | OK | |
r-release-macos-arm64 | 1.0.7 | 66.00 | OK | |||
r-release-macos-x86_64 | 1.0.7 | 103.00 | OK | |||
r-release-windows-x86_64 | 1.0.7 | 11.00 | 128.00 | 139.00 | OK | |
r-oldrel-macos-arm64 | 1.0.7 | 70.00 | OK | |||
r-oldrel-macos-x86_64 | 1.0.7 | 118.00 | OK | |||
r-oldrel-windows-x86_64 | 1.0.7 | 15.00 | 162.00 | 177.00 | OK |
Version: 1.0.7
Check: Rd cross-references
Result: NOTE
Found the following Rd file(s) with Rd \link{} targets missing package
anchors:
EasyData.Rd: SSBtoolsData
PTwrap.Rd: runArgusBatchFile, createArgusInput
ProtectTable.Rd: GaussSuppression, protectTable,
protect_linked_tables, primarySuppression, FindDimLists,
FindTableGroup, Stack, AutoSplit, runArgusBatchFile,
createArgusInput
ProtectTable1.Rd: FindTableGroup, protectTable,
protect_linked_tables, runArgusBatchFile, primarySuppression,
makeProblem, HierarchicalGroups, FactorLevCorr, FindDimLists,
FindCommonCells
Please provide package anchors for all Rd \link{} targets not in the
package itself and the base packages.
Flavors: r-devel-linux-x86_64-debian-clang, r-devel-linux-x86_64-debian-gcc, r-devel-windows-x86_64
These binaries (installable software) and packages are in development.
They may not be fully stable and should be used with caution. We make no claims about them.
Health stats visible at Monitor.