CRAN Package Check Results for Package earlywarnings

Last updated on 2025-05-17 13:49:35 CEST.

Flavor Version Tinstall Tcheck Ttotal Status Flags
r-devel-linux-x86_64-debian-clang 1.1.29 9.63 90.67 100.30 NOTE
r-devel-linux-x86_64-debian-gcc 1.1.29 7.10 63.48 70.58 NOTE
r-devel-linux-x86_64-fedora-clang 1.1.29 158.45 NOTE
r-devel-linux-x86_64-fedora-gcc 1.1.29 174.88 NOTE
r-devel-windows-x86_64 1.1.29 14.00 100.00 114.00 NOTE
r-patched-linux-x86_64 1.1.29 9.77 85.78 95.55 NOTE
r-release-linux-x86_64 1.1.29 9.63 85.69 95.32 NOTE
r-release-macos-arm64 1.1.29 76.00 NOTE
r-release-macos-x86_64 1.1.29 111.00 NOTE
r-release-windows-x86_64 1.1.29 12.00 101.00 113.00 NOTE
r-oldrel-macos-arm64 1.1.29 49.00 NOTE
r-oldrel-macos-x86_64 1.1.29 87.00 NOTE
r-oldrel-windows-x86_64 1.1.29 17.00 123.00 140.00 NOTE

Check Details

Version: 1.1.29
Check: CRAN incoming feasibility
Result: NOTE Maintainer: ‘Vasilis Dakos <vasilis.dakos@gmail.com>’ Problems when reading CITATION file: It is recommended to use ‘family’ instead of ‘last’. Package CITATION file contains call(s) to old-style personList() or as.personList(). Please use c() on person objects instead. Package CITATION file contains call(s) to old-style citEntry(). Please use bibentry() instead. Flavors: r-devel-linux-x86_64-debian-clang, r-devel-linux-x86_64-debian-gcc

Version: 1.1.29
Check: Rd files
Result: NOTE checkRd: (-1) surrogates_ews.Rd:31: Lost braces 31 | \item{span}{parameter that controls the degree of smoothing (numeric between 0 and 100, Default 25). see more on loess{stats}} | ^ checkRd: (-1) surrogates_ews.Rd:33: Lost braces 33 | \item{degree}{the degree of polynomial to be used for when loess fitting is applied, normally 1 or 2 (Default). see more on loess{stats}} | ^ Flavors: r-devel-linux-x86_64-debian-clang, r-devel-linux-x86_64-debian-gcc, r-devel-linux-x86_64-fedora-clang, r-devel-linux-x86_64-fedora-gcc, r-devel-windows-x86_64, r-patched-linux-x86_64, r-release-linux-x86_64, r-release-macos-arm64, r-release-macos-x86_64, r-release-windows-x86_64, r-oldrel-macos-arm64, r-oldrel-macos-x86_64, r-oldrel-windows-x86_64

Version: 1.1.29
Check: dependencies in R code
Result: NOTE Namespace in Imports field not imported from: ‘knitr’ All declared Imports should be used. Flavors: r-devel-linux-x86_64-fedora-clang, r-devel-linux-x86_64-fedora-gcc

These binaries (installable software) and packages are in development.
They may not be fully stable and should be used with caution. We make no claims about them.
Health stats visible at Monitor.