Last updated on 2025-05-17 15:50:41 CEST.
Flavor | Version | Tinstall | Tcheck | Ttotal | Status | Flags |
---|---|---|---|---|---|---|
r-devel-linux-x86_64-debian-clang | 0.1.2 | 4.51 | 25.73 | 30.24 | NOTE | |
r-devel-linux-x86_64-debian-gcc | 0.1.2 | 3.54 | 19.70 | 23.24 | NOTE | |
r-devel-linux-x86_64-fedora-clang | 0.1.2 | 49.28 | OK | |||
r-devel-linux-x86_64-fedora-gcc | 0.1.2 | 50.58 | OK | |||
r-devel-windows-x86_64 | 0.1.2 | 9.00 | 56.00 | 65.00 | OK | |
r-patched-linux-x86_64 | 0.1.2 | 3.92 | 24.32 | 28.24 | OK | |
r-release-linux-x86_64 | 0.1.2 | 4.91 | 24.11 | 29.02 | OK | |
r-release-macos-arm64 | 0.1.2 | 23.00 | OK | |||
r-release-macos-x86_64 | 0.1.2 | 58.00 | OK | |||
r-release-windows-x86_64 | 0.1.2 | 9.00 | 63.00 | 72.00 | OK | |
r-oldrel-macos-arm64 | 0.1.2 | 19.00 | NOTE | |||
r-oldrel-macos-x86_64 | 0.1.2 | 28.00 | NOTE | |||
r-oldrel-windows-x86_64 | 0.1.2 | 11.00 | 55.00 | 66.00 | OK |
Version: 0.1.2
Check: CRAN incoming feasibility
Result: NOTE
Maintainer: ‘Garritt L. Page <page@stat.byu.edu>’
The Description field contains
S; (2020) <arXiv:2012.11767>. Both the parametric and semi-parametric
Please refer to arXiv e-prints via their arXiv DOI <doi:10.48550/arXiv.YYMM.NNNNN>.
Flavors: r-devel-linux-x86_64-debian-clang, r-devel-linux-x86_64-debian-gcc
Version: 0.1.2
Check: package dependencies
Result: NOTE
Package suggested but not available for checking: ‘INLA’
Flavors: r-oldrel-macos-arm64, r-oldrel-macos-x86_64
These binaries (installable software) and packages are in development.
They may not be fully stable and should be used with caution. We make no claims about them.
Health stats visible at Monitor.