Last updated on 2025-05-15 09:52:14 CEST.
Flavor | Version | Tinstall | Tcheck | Ttotal | Status | Flags |
---|---|---|---|---|---|---|
r-devel-linux-x86_64-debian-clang | 4.17 | 38.33 | 75.31 | 113.64 | NOTE | |
r-devel-linux-x86_64-debian-gcc | 4.17 | 26.60 | 55.88 | 82.48 | NOTE | |
r-devel-linux-x86_64-fedora-clang | 4.17 | 194.21 | OK | |||
r-devel-linux-x86_64-fedora-gcc | 4.17 | 194.46 | OK | |||
r-devel-windows-x86_64 | 4.17 | 42.00 | 107.00 | 149.00 | OK | |
r-patched-linux-x86_64 | 4.17 | 37.24 | 73.46 | 110.70 | OK | |
r-release-linux-x86_64 | 4.17 | 40.03 | 74.37 | 114.40 | OK | |
r-release-macos-arm64 | 4.17 | 54.00 | OK | |||
r-release-macos-x86_64 | 4.17 | 136.00 | OK | |||
r-release-windows-x86_64 | 4.17 | 44.00 | 105.00 | 149.00 | OK | |
r-oldrel-macos-arm64 | 4.17 | 50.00 | OK | |||
r-oldrel-macos-x86_64 | 4.17 | 71.00 | OK | |||
r-oldrel-windows-x86_64 | 4.17 | 51.00 | 130.00 | 181.00 | OK |
Version: 4.17
Check: CRAN incoming feasibility
Result: NOTE
Maintainer: ‘Francisco Rosales <francisco.rosales-marticorena@protonmail.com>’
No Authors@R field in DESCRIPTION.
Please add one, modifying
Authors@R: c(person(given = "Francisco",
family = "Rosales",
role = c("aut", "cre"),
email = "francisco.rosales-marticorena@protonmail.com"),
person(given = "Tatyana",
family = "Krivobokova",
role = "aut"),
person(given = "Paulo",
family = "Serra.",
role = "aut"))
as necessary.
The Description field contains
and "Klockmann" (2021) <arXiv:1812.06948> for details.
Please refer to arXiv e-prints via their arXiv DOI <doi:10.48550/arXiv.YYMM.NNNNN>.
Flavors: r-devel-linux-x86_64-debian-clang, r-devel-linux-x86_64-debian-gcc
These binaries (installable software) and packages are in development.
They may not be fully stable and should be used with caution. We make no claims about them.
Health stats visible at Monitor.