CRAN Package Check Results for Package dwlm

Last updated on 2025-05-15 09:52:13 CEST.

Flavor Version Tinstall Tcheck Ttotal Status Flags
r-devel-linux-x86_64-debian-clang 0.1.0 2.35 19.18 21.53 NOTE
r-devel-linux-x86_64-debian-gcc 0.1.0 1.75 15.20 16.95 NOTE
r-devel-linux-x86_64-fedora-clang 0.1.0 33.31 OK
r-devel-linux-x86_64-fedora-gcc 0.1.0 32.44 OK
r-devel-windows-x86_64 0.1.0 3.00 39.00 42.00 OK
r-patched-linux-x86_64 0.1.0 2.05 18.19 20.24 OK
r-release-linux-x86_64 0.1.0 2.16 18.18 20.34 OK
r-release-macos-arm64 0.1.0 16.00 OK
r-release-macos-x86_64 0.1.0 24.00 OK
r-release-windows-x86_64 0.1.0 4.00 41.00 45.00 OK
r-oldrel-macos-arm64 0.1.0 14.00 OK
r-oldrel-macos-x86_64 0.1.0 20.00 OK
r-oldrel-windows-x86_64 0.1.0 3.00 38.00 41.00 OK

Check Details

Version: 0.1.0
Check: CRAN incoming feasibility
Result: NOTE Maintainer: ‘Hugo Gasca-Aragon <hugo_gasca_aragon@hotmail.com>’ No Authors@R field in DESCRIPTION. Please add one, modifying Authors@R: person(given = "Hugo", family = "Gasca-Aragon", role = c("aut", "cre"), email = "hugo_gasca_aragon@hotmail.com") as necessary. Found the following URLs which should use \doi (with the DOI name only): File ‘dwlm.Rd’: https://doi.org/10.1119/1.15963 https://doi.org/10.1119/1.17044 https://doi.org/10.1039/AN9871200377 Flavors: r-devel-linux-x86_64-debian-clang, r-devel-linux-x86_64-debian-gcc

These binaries (installable software) and packages are in development.
They may not be fully stable and should be used with caution. We make no claims about them.
Health stats visible at Monitor.