CRAN Package Check Results for Package dvmisc

Last updated on 2025-05-17 15:50:41 CEST.

Flavor Version Tinstall Tcheck Ttotal Status Flags
r-devel-linux-x86_64-debian-clang 1.1.4 74.41 139.43 213.84 NOTE
r-devel-linux-x86_64-debian-gcc 1.1.4 49.27 101.29 150.56 NOTE
r-devel-linux-x86_64-fedora-clang 1.1.4 377.69 OK
r-devel-linux-x86_64-fedora-gcc 1.1.4 378.48 OK
r-devel-windows-x86_64 1.1.4 92.00 164.00 256.00 OK
r-patched-linux-x86_64 1.1.4 65.91 128.71 194.62 OK
r-release-linux-x86_64 1.1.4 67.86 128.48 196.34 OK
r-release-macos-arm64 1.1.4 95.00 OK
r-release-macos-x86_64 1.1.4 164.00 OK
r-release-windows-x86_64 1.1.4 90.00 165.00 255.00 OK
r-oldrel-macos-arm64 1.1.4 103.00 OK
r-oldrel-macos-x86_64 1.1.4 144.00 OK
r-oldrel-windows-x86_64 1.1.4 106.00 203.00 309.00 OK

Check Details

Version: 1.1.4
Check: CRAN incoming feasibility
Result: NOTE Maintainer: ‘Dane R. Van Domelen <vandomed@gmail.com>’ No Authors@R field in DESCRIPTION. Please add one, modifying Authors@R: person(given = c("Dane", "R."), family = "Van Domelen", role = c("aut", "cre"), email = "vandomed@gmail.com") as necessary. Found the following URLs which should use \doi (with the DOI name only): File ‘dvmisc.Rd’: https://doi.org/10.7287/peerj.preprints.3188v1 Flavors: r-devel-linux-x86_64-debian-clang, r-devel-linux-x86_64-debian-gcc

These binaries (installable software) and packages are in development.
They may not be fully stable and should be used with caution. We make no claims about them.
Health stats visible at Monitor.