Last updated on 2025-11-01 07:48:36 CET.
| Flavor | Version | Tinstall | Tcheck | Ttotal | Status | Flags |
|---|---|---|---|---|---|---|
| r-devel-linux-x86_64-debian-clang | 1.3.6 | 2.62 | 23.88 | 26.50 | NOTE | |
| r-devel-linux-x86_64-debian-gcc | 1.3.6 | 1.68 | 18.76 | 20.44 | NOTE | |
| r-devel-linux-x86_64-fedora-clang | 1.3.6 | 38.70 | NOTE | |||
| r-devel-linux-x86_64-fedora-gcc | 1.3.6 | 13.00 | 26.43 | 39.43 | NOTE | |
| r-devel-windows-x86_64 | 1.3.6 | 3.00 | 42.00 | 45.00 | OK | |
| r-patched-linux-x86_64 | 1.3.6 | 2.38 | 22.54 | 24.92 | OK | |
| r-release-linux-x86_64 | 1.3.6 | 2.14 | 22.82 | 24.96 | OK | |
| r-release-macos-arm64 | 1.3.6 | 1.00 | 17.00 | 18.00 | OK | |
| r-release-macos-x86_64 | 1.3.6 | 2.00 | 24.00 | 26.00 | OK | |
| r-release-windows-x86_64 | 1.3.6 | 4.00 | 46.00 | 50.00 | OK | |
| r-oldrel-macos-arm64 | 1.3.6 | 2.00 | 21.00 | 23.00 | OK | |
| r-oldrel-macos-x86_64 | 1.3.6 | 2.00 | 21.00 | 23.00 | OK | |
| r-oldrel-windows-x86_64 | 1.3.6 | 4.00 | 44.00 | 48.00 | OK |
Version: 1.3.6
Check: CRAN incoming feasibility
Result: NOTE
Maintainer: ‘Alexis Dinno <alexis.dinno@pdx.edu>’
No Authors@R field in DESCRIPTION.
Please add one, modifying
Authors@R: person(given = "Alexis",
family = "Dinno",
role = c("aut", "cre"),
email = "alexis.dinno@pdx.edu")
as necessary.
Flavors: r-devel-linux-x86_64-debian-clang, r-devel-linux-x86_64-debian-gcc
Version: 1.3.6
Check: Rd files
Result: NOTE
checkRd: (-1) dunn.test.Rd:36-71: Only 2 columns allowed in this table (row 4 has 1)
checkRd: (-1) dunn.test.Rd:36-71: Only 2 columns allowed in this table (row 9 has 1)
checkRd: (-1) dunn.test.Rd:36-71: Only 2 columns allowed in this table (row 14 has 1)
checkRd: (-1) dunn.test.Rd:36-71: Only 2 columns allowed in this table (row 19 has 1)
checkRd: (-1) dunn.test.Rd:36-71: Only 2 columns allowed in this table (row 25 has 1)
checkRd: (-1) dunn.test.Rd:36-71: Only 2 columns allowed in this table (row 30 has 1)
checkRd: (-1) dunn.test.Rd:36-71: Only 2 columns allowed in this table (row 36 has 1)
Flavors: r-devel-linux-x86_64-debian-clang, r-devel-linux-x86_64-debian-gcc, r-devel-linux-x86_64-fedora-clang, r-devel-linux-x86_64-fedora-gcc
These binaries (installable software) and packages are in development.
They may not be fully stable and should be used with caution. We make no claims about them.
Health stats visible at Monitor.